{"id":8276,"date":"2023-02-27T10:59:49","date_gmt":"2023-02-27T13:59:49","guid":{"rendered":"https:\/\/www.arroiodotigre.rs.gov.br\/site\/?page_id=8276"},"modified":"2023-02-27T10:59:49","modified_gmt":"2023-02-27T13:59:49","slug":"decretos-2023","status":"publish","type":"page","link":"https:\/\/www.arroiodotigre.rs.gov.br\/site\/decretos-2023\/","title":{"rendered":"Decretos 2023"},"content":{"rendered":"<div class=\"sdm_download_item \"><div class=\"sdm_download_item_top\"><div class=\"sdm_download_thumbnail\"><\/div><div class=\"sdm_download_title\">Decreto n\u00ba 3.547\/2023<\/div><\/div><div style=\"clear:both;\"><\/div><div class=\"sdm_download_description\"><p>DECRETA A INCLUS\u00c3O NA LEI OR\u00c7AMENT\u00c1RIA ANUAL E ABRIR CR\u00c9DITO SUPLEMENTAR NO MONTANTE DE R$1.714.000,00 (Um Milh\u00e3o Setecentos e Quatorze Mil Reais).<\/p>\n<\/div><div class=\"sdm_download_link\"><span class=\"sdm_download_button\"><a href=\"https:\/\/www.arroiodotigre.rs.gov.br\/site\/?sdm_process_download=1&download_id=11051\" class=\"sdm_download green\" title=\"Decreto n\u00ba 3.547\/2023\" target=\"_self\">Baixar agora!<\/a><\/span><span class=\"sdm_download_item_count\"><span class=\"sdm_item_count_number\">513<\/span><span class=\"sdm_item_count_string\"> Downloads<\/span><\/span><\/div><\/div><div class=\"sdm_download_item \"><div class=\"sdm_download_item_top\"><div class=\"sdm_download_thumbnail\"><\/div><div class=\"sdm_download_title\">Decreto n\u00ba 3.546\/2023<\/div><\/div><div style=\"clear:both;\"><\/div><div class=\"sdm_download_description\"><p>DECRETA A INCLUS\u00c3O NA LEI OR\u00c7AMENT\u00c1RIA ANUAL E ABRIR CR\u00c9DITO SUPLEMENTAR NO MONTANTE DE R$ 100.000,00 (Cem Mil Reais).<\/p>\n<\/div><div class=\"sdm_download_link\"><span class=\"sdm_download_button\"><a href=\"https:\/\/www.arroiodotigre.rs.gov.br\/site\/?sdm_process_download=1&download_id=11050\" class=\"sdm_download green\" title=\"Decreto n\u00ba 3.546\/2023\" target=\"_blank\">Baixar agora!<\/a><\/span><span class=\"sdm_download_item_count\"><span class=\"sdm_item_count_number\">502<\/span><span class=\"sdm_item_count_string\"> Downloads<\/span><\/span><\/div><\/div><div class=\"sdm_download_item \"><div class=\"sdm_download_item_top\"><div class=\"sdm_download_thumbnail\"><\/div><div class=\"sdm_download_title\">Decreto n\u00ba 3.545\/2023<\/div><\/div><div style=\"clear:both;\"><\/div><div class=\"sdm_download_description\"><p>DECRETA ALTERA\u00c7\u00c3O NO HOR\u00c1RIO DE EXPEDIENTE E PONTO FACULTATIVO NAS REPARTI\u00c7\u00d5ES P\u00daBLICAS DE ARROIO DO TIGRE, CONFORME ESPECIFICA. <\/p>\n<\/div><div class=\"sdm_download_link\"><span class=\"sdm_download_button\"><a href=\"https:\/\/www.arroiodotigre.rs.gov.br\/site\/?sdm_process_download=1&download_id=11049\" class=\"sdm_download green\" title=\"Decreto n\u00ba 3.545\/2023\" target=\"_blank\">Baixar agora!<\/a><\/span><span class=\"sdm_download_item_count\"><span class=\"sdm_item_count_number\">526<\/span><span class=\"sdm_item_count_string\"> Downloads<\/span><\/span><\/div><\/div><div class=\"sdm_download_item \"><div class=\"sdm_download_item_top\"><div class=\"sdm_download_thumbnail\"><\/div><div class=\"sdm_download_title\">Decreto n\u00ba 3.544\/2023<\/div><\/div><div style=\"clear:both;\"><\/div><div class=\"sdm_download_description\"><p>DECRETA A ABERTURA DE CR\u00c9DITO SUPLEMENTAR NO MONTANTE DE R$ 238.856,00 (DUZENTOS E TRINTA E OITO MIL E OITOCENTOS E CINQUENTA E SEIS REAIS).<\/p>\n<\/div><div class=\"sdm_download_link\"><span class=\"sdm_download_button\"><a href=\"https:\/\/www.arroiodotigre.rs.gov.br\/site\/?sdm_process_download=1&download_id=11048\" class=\"sdm_download green\" title=\"Decreto n\u00ba 3.544\/2023\" target=\"_blank\">Baixar agora!<\/a><\/span><span class=\"sdm_download_item_count\"><span class=\"sdm_item_count_number\">488<\/span><span class=\"sdm_item_count_string\"> Downloads<\/span><\/span><\/div><\/div><div class=\"sdm_download_item \"><div class=\"sdm_download_item_top\"><div class=\"sdm_download_thumbnail\"><\/div><div class=\"sdm_download_title\">Decreto n\u00ba 3.543\/2023<\/div><\/div><div style=\"clear:both;\"><\/div><div class=\"sdm_download_description\"><p>AUTORIZA O PODER EXECUTIVO A INCLUIR NA LEI OR\u00c7AMENT\u00c1RIA ANUAL E ABRIR CR\u00c9DITO SUPLEMENTAR NO MONTANTE DE R$ 662.165,70 (Seiscentos e Sessenta e Dois Mil Cento Sessenta e Cinco Reais e Setenta Centavos).<\/p>\n<\/div><div class=\"sdm_download_link\"><span class=\"sdm_download_button\"><a href=\"https:\/\/www.arroiodotigre.rs.gov.br\/site\/?sdm_process_download=1&download_id=11008\" class=\"sdm_download green\" title=\"Decreto n\u00ba 3.543\/2023\" target=\"_blank\">Baixar agora!<\/a><\/span><span class=\"sdm_download_item_count\"><span class=\"sdm_item_count_number\">508<\/span><span class=\"sdm_item_count_string\"> Downloads<\/span><\/span><\/div><\/div><div class=\"sdm_download_item \"><div class=\"sdm_download_item_top\"><div class=\"sdm_download_thumbnail\"><\/div><div class=\"sdm_download_title\">Decreto n\u00ba 3.542\/2023<\/div><\/div><div style=\"clear:both;\"><\/div><div class=\"sdm_download_description\"><p>DECRETA A ABERTURA DE CR\u00c9DITO SUPLEMENTAR NO MONTANTE DE R$ 109.228,58 (CENTO E NOVE MIL E DUZENTOS E VINTE E OITO REAIS E CINQUENTA E OITO CENTAVOS).<\/p>\n<\/div><div class=\"sdm_download_link\"><span class=\"sdm_download_button\"><a href=\"https:\/\/www.arroiodotigre.rs.gov.br\/site\/?sdm_process_download=1&download_id=11006\" class=\"sdm_download green\" title=\"Decreto n\u00ba 3.542\/2023\" target=\"_blank\">Baixar agora!<\/a><\/span><span class=\"sdm_download_item_count\"><span class=\"sdm_item_count_number\">491<\/span><span class=\"sdm_item_count_string\"> Downloads<\/span><\/span><\/div><\/div><div class=\"sdm_download_item \"><div class=\"sdm_download_item_top\"><div class=\"sdm_download_thumbnail\"><\/div><div class=\"sdm_download_title\">Decreto n\u00ba 3.539\/2023<\/div><\/div><div style=\"clear:both;\"><\/div><div class=\"sdm_download_description\"><p>DISP\u00d5E SOBRE O FUNCIONAMENTO, COM ATENDIMENTO AO P\u00daBLICO, DOS ESTABELECIMENTOS COMERCIAIS, NO M\u00caS DE DEZEMBRO, CONFORME ESPECIFICA. <\/p>\n<\/div><div class=\"sdm_download_link\"><span class=\"sdm_download_button\"><a href=\"https:\/\/www.arroiodotigre.rs.gov.br\/site\/?sdm_process_download=1&download_id=10999\" class=\"sdm_download green\" title=\"Decreto n\u00ba 3.539\/2023\" target=\"_blank\">Baixar agora!<\/a><\/span><span class=\"sdm_download_item_count\"><span class=\"sdm_item_count_number\">602<\/span><span class=\"sdm_item_count_string\"> Downloads<\/span><\/span><\/div><\/div><div class=\"sdm_download_item \"><div class=\"sdm_download_item_top\"><div class=\"sdm_download_thumbnail\"><\/div><div class=\"sdm_download_title\">Decreto n\u00ba 3.538\/2023<\/div><\/div><div style=\"clear:both;\"><\/div><div class=\"sdm_download_description\"><p>REGULAMENTA O INCISO VII DO CAPUT DO ART. 12 DA LEI 14.133, DE 1\u00ba DE ABRIL DE 2021, PARA DISPOR SOBRE O PLANO DE CONTRATA\u00c7\u00d5ES ANUAL, NO \u00c2MBITO DO MUNIC\u00cdPIO DE ARROIO DO TIGRE\/RS. <\/p>\n<\/div><div class=\"sdm_download_link\"><span class=\"sdm_download_button\"><a href=\"https:\/\/www.arroiodotigre.rs.gov.br\/site\/?sdm_process_download=1&download_id=10998\" class=\"sdm_download green\" title=\"Decreto n\u00ba 3.538\/2023\" target=\"_blank\">Baixar agora!<\/a><\/span><span class=\"sdm_download_item_count\"><span class=\"sdm_item_count_number\">538<\/span><span class=\"sdm_item_count_string\"> Downloads<\/span><\/span><\/div><\/div><div class=\"sdm_download_item \"><div class=\"sdm_download_item_top\"><div class=\"sdm_download_thumbnail\"><\/div><div class=\"sdm_download_title\">Decreto n\u00ba 3.537\/2023<\/div><\/div><div style=\"clear:both;\"><\/div><div class=\"sdm_download_description\"><p>REGULAMENTA O SISTEMA DE REGISTRO DE PRE\u00c7OS NO \u00c2MBITO DO MUNIC\u00cdPIO DE ARROIO DO TIGRE\/RS, NOS TERMOS DA LEI FEDERAL N.\u00ba 14.133\/2021.<\/p>\n<\/div><div class=\"sdm_download_link\"><span class=\"sdm_download_button\"><a href=\"https:\/\/www.arroiodotigre.rs.gov.br\/site\/?sdm_process_download=1&download_id=10997\" class=\"sdm_download green\" title=\"Decreto n\u00ba 3.537\/2023\" target=\"_blank\">Baixar agora!<\/a><\/span><span class=\"sdm_download_item_count\"><span class=\"sdm_item_count_number\">531<\/span><span class=\"sdm_item_count_string\"> Downloads<\/span><\/span><\/div><\/div><div class=\"sdm_download_item \"><div class=\"sdm_download_item_top\"><div class=\"sdm_download_thumbnail\"><\/div><div class=\"sdm_download_title\">Decreto n\u00ba 3.536\/2023<\/div><\/div><div style=\"clear:both;\"><\/div><div class=\"sdm_download_description\"><p>INSTITUI A COMISS\u00c3O DE FARM\u00c1CIA E TERAP\u00caUTICA E REGRAS DE FUNCIONAMENTO, NO \u00c2MBITO DA SECRETARIA MUNICIPAL DE SA\u00daDE DO MUNIC\u00cdPIO DE ARROIO DO TIGRE <\/p>\n<\/div><div class=\"sdm_download_link\"><span class=\"sdm_download_button\"><a href=\"https:\/\/www.arroiodotigre.rs.gov.br\/site\/?sdm_process_download=1&download_id=10996\" class=\"sdm_download green\" title=\"Decreto n\u00ba 3.536\/2023\" target=\"_blank\">Baixar agora!<\/a><\/span><span class=\"sdm_download_item_count\"><span class=\"sdm_item_count_number\">545<\/span><span class=\"sdm_item_count_string\"> Downloads<\/span><\/span><\/div><\/div><div class=\"sdm_clear_float\"><\/div><div class=\"sdm_pagination\"><span aria-current=\"page\" class=\"page-numbers current\">1<\/span>\n<a class=\"page-numbers\" href=\"https:\/\/www.arroiodotigre.rs.gov.br\/site\/wp-json\/wp\/v2\/pages\/8276\/page\/2\/\">2<\/a>\n<a class=\"page-numbers\" href=\"https:\/\/www.arroiodotigre.rs.gov.br\/site\/wp-json\/wp\/v2\/pages\/8276\/page\/3\/\">3<\/a>\n<span class=\"page-numbers dots\">&hellip;<\/span>\n<a class=\"page-numbers\" href=\"https:\/\/www.arroiodotigre.rs.gov.br\/site\/wp-json\/wp\/v2\/pages\/8276\/page\/9\/\">9<\/a>\n<a class=\"next page-numbers\" href=\"https:\/\/www.arroiodotigre.rs.gov.br\/site\/wp-json\/wp\/v2\/pages\/8276\/page\/2\/\">&raquo;<\/a><\/div>\n","protected":false},"excerpt":{"rendered":"","protected":false},"author":3,"featured_media":0,"parent":0,"menu_order":0,"comment_status":"closed","ping_status":"closed","template":"","meta":{"footnotes":""},"class_list":["post-8276","page","type-page","status-publish","hentry","entry"],"_links":{"self":[{"href":"https:\/\/www.arroiodotigre.rs.gov.br\/site\/wp-json\/wp\/v2\/pages\/8276","targetHints":{"allow":["GET"]}}],"collection":[{"href":"https:\/\/www.arroiodotigre.rs.gov.br\/site\/wp-json\/wp\/v2\/pages"}],"about":[{"href":"https:\/\/www.arroiodotigre.rs.gov.br\/site\/wp-json\/wp\/v2\/types\/page"}],"author":[{"embeddable":true,"href":"https:\/\/www.arroiodotigre.rs.gov.br\/site\/wp-json\/wp\/v2\/users\/3"}],"replies":[{"embeddable":true,"href":"https:\/\/www.arroiodotigre.rs.gov.br\/site\/wp-json\/wp\/v2\/comments?post=8276"}],"version-history":[{"count":1,"href":"https:\/\/www.arroiodotigre.rs.gov.br\/site\/wp-json\/wp\/v2\/pages\/8276\/revisions"}],"predecessor-version":[{"id":8277,"href":"https:\/\/www.arroiodotigre.rs.gov.br\/site\/wp-json\/wp\/v2\/pages\/8276\/revisions\/8277"}],"wp:attachment":[{"href":"https:\/\/www.arroiodotigre.rs.gov.br\/site\/wp-json\/wp\/v2\/media?parent=8276"}],"curies":[{"name":"wp","href":"https:\/\/api.w.org\/{rel}","templated":true}]}}