{"id":2577,"date":"2021-07-21T10:52:50","date_gmt":"2021-07-21T13:52:50","guid":{"rendered":"http:\/\/www.arroiodotigre.rs.gov.br\/site\/?page_id=2577"},"modified":"2025-03-06T16:56:20","modified_gmt":"2025-03-06T19:56:20","slug":"secretaria-da-assistencia-social","status":"publish","type":"page","link":"https:\/\/www.arroiodotigre.rs.gov.br\/site\/secretaria-da-assistencia-social\/","title":{"rendered":"Secretaria da Assist\u00eancia Social"},"content":{"rendered":"\t\t<div data-elementor-type=\"wp-page\" data-elementor-id=\"2577\" class=\"elementor elementor-2577\" data-elementor-post-type=\"page\">\n\t\t\t\t\t\t<div class=\"elementor-inner\">\n\t\t\t\t<div class=\"elementor-section-wrap\">\n\t\t\t\t\t\t\t\t\t<section class=\"elementor-section elementor-top-section elementor-element elementor-element-16516672 elementor-section-boxed elementor-section-height-default elementor-section-height-default\" data-id=\"16516672\" data-element_type=\"section\">\n\t\t\t\t\t\t<div class=\"elementor-container elementor-column-gap-default\">\n\t\t\t\t\t\t\t<div class=\"elementor-row\">\n\t\t\t\t\t<div class=\"elementor-column elementor-col-100 elementor-top-column elementor-element elementor-element-4a5c7431\" data-id=\"4a5c7431\" data-element_type=\"column\">\n\t\t\t<div class=\"elementor-column-wrap elementor-element-populated\">\n\t\t\t\t\t\t\t<div class=\"elementor-widget-wrap\">\n\t\t\t\t\t\t<div class=\"elementor-element elementor-element-2dd6dca0 elementor-widget elementor-widget-text-editor\" data-id=\"2dd6dca0\" data-element_type=\"widget\" data-widget_type=\"text-editor.default\">\n\t\t\t\t<div class=\"elementor-widget-container\">\n\t\t\t\t\t\t\t\t<div class=\"elementor-text-editor elementor-clearfix\">\n\t\t\t\t<h3><img loading=\"lazy\" decoding=\"async\" class=\"size-medium wp-image-14295 alignleft\" src=\"http:\/\/www.arroiodotigre.rs.gov.br\/site\/wp-content\/uploads\/2025\/03\/DSC09793-200x300.jpg\" alt=\"\" width=\"200\" height=\"300\" srcset=\"https:\/\/www.arroiodotigre.rs.gov.br\/site\/wp-content\/uploads\/2025\/03\/DSC09793-200x300.jpg 200w, https:\/\/www.arroiodotigre.rs.gov.br\/site\/wp-content\/uploads\/2025\/03\/DSC09793-683x1024.jpg 683w, https:\/\/www.arroiodotigre.rs.gov.br\/site\/wp-content\/uploads\/2025\/03\/DSC09793-768x1152.jpg 768w, https:\/\/www.arroiodotigre.rs.gov.br\/site\/wp-content\/uploads\/2025\/03\/DSC09793-1024x1536.jpg 1024w, https:\/\/www.arroiodotigre.rs.gov.br\/site\/wp-content\/uploads\/2025\/03\/DSC09793-1365x2048.jpg 1365w, https:\/\/www.arroiodotigre.rs.gov.br\/site\/wp-content\/uploads\/2025\/03\/DSC09793-1568x2352.jpg 1568w, https:\/\/www.arroiodotigre.rs.gov.br\/site\/wp-content\/uploads\/2025\/03\/DSC09793-scaled.jpg 1707w\" sizes=\"auto, (max-width: 200px) 100vw, 200px\" \/>Secret\u00e1rio Municipal: Art\u00eamio Paulo Drachler<\/h3><p>Compete \u00e0 Secretaria Municipal da Assist\u00eancia Social:<br \/>&#8211; coordenar e gerir as a\u00e7\u00f5es relativas \u00e0 Assist\u00eancia Social no Munic\u00edpio, implementando e executando a Pol\u00edtica Municipal de Assist\u00eancia Social;<br \/>&#8211; elaborar o Plano Municipal de Assist\u00eancia Social submetendo-o \u00e0 aprova\u00e7\u00e3o do Conselho Municipal de Assist\u00eancia Social;<br \/>&#8211; articular e integrar a\u00e7\u00f5es e recursos com os demais conselhos setoriais e de direitos;<br \/>&#8211; executar as a\u00e7\u00f5es de Assist\u00eancia Social de forma integrada \u00e0s demais pol\u00edticas no \u00e2mbito dos outros \u00f3rg\u00e3os da Prefeitura Municipal de Arroio do Tigre, com vistas a organizar os servi\u00e7os de Prote\u00e7\u00e3o Social e a\u00e7\u00f5es de acordo com a Pol\u00edtica Nacional de Assist\u00eancia Social;<br \/>&#8211; organizar e gerir a rede municipal de inclus\u00e3o e prote\u00e7\u00e3o social, composta de servi\u00e7os com entidades governamentais e n\u00e3o-governamentais;<br \/>&#8211; organizar os servi\u00e7os de Assist\u00eancia Social com base no tipo de Prote\u00e7\u00e3o Social B\u00e1sica e Especial referente aos n\u00edveis de complexidade do atendimento, ampliando o acesso aos bens e servi\u00e7os socioassistenciais, contribuindo para a inclus\u00e3o e a equidade dos usu\u00e1rios e grupos espec\u00edficos;<br \/>&#8211; planejar, gerenciar, executar e prover programas, projetos, servi\u00e7os e benef\u00edcios de servi\u00e7os b\u00e1sicos que t\u00eam como objetivos prevenir situa\u00e7\u00f5es de risco;<br \/>&#8211; participar na formula\u00e7\u00e3o e na execu\u00e7\u00e3o da pol\u00edtica de capacita\u00e7\u00e3o e desenvolvimento dos trabalhadores da Assist\u00eancia Social, com o objetivo de contribuir para a melhoria da efici\u00eancia, efic\u00e1cia e efetividade do servi\u00e7o p\u00fablico.<\/p><p>Fica vinculada \u00e0 estrutura da Secretaria Municipal da Assist\u00eancia Social:<br \/>&#8211; Centro de Refer\u00eancia a Assist\u00eancia Social &#8211; CRAS;<br \/>&#8211; Casa de Passagem &#8220;V\u00f3 Cec\u00edlia&#8221;;<br \/>&#8211; Programa Bolsa Fam\u00edlia;<br \/>&#8211; Conselho Municipal dos Direitos da Crian\u00e7a e do Adolescente &#8211; COMDICA;<br \/>&#8211; Conselho Municipal de Assist\u00eancia Social;<br \/>&#8211; Conselho Municipal do Idoso &#8211; CMI.<\/p>\t\t\t\t\t<\/div>\n\t\t\t\t\t\t<\/div>\n\t\t\t\t<\/div>\n\t\t\t\t\t\t<\/div>\n\t\t\t\t\t<\/div>\n\t\t<\/div>\n\t\t\t\t\t\t\t\t<\/div>\n\t\t\t\t\t<\/div>\n\t\t<\/section>\n\t\t\t\t\t\t\t\t\t<\/div>\n\t\t\t<\/div>\n\t\t\t\t\t<\/div>\n\t\t","protected":false},"excerpt":{"rendered":"<p>Secret\u00e1rio Municipal: Art\u00eamio Paulo Drachler Compete \u00e0 Secretaria Municipal da Assist\u00eancia Social:&#8211; coordenar e gerir as a\u00e7\u00f5es relativas \u00e0 Assist\u00eancia Social no Munic\u00edpio, implementando e executando a Pol\u00edtica Municipal de Assist\u00eancia Social;&#8211; elaborar o Plano Municipal de Assist\u00eancia Social submetendo-o \u00e0 aprova\u00e7\u00e3o do Conselho Municipal de Assist\u00eancia Social;&#8211; articular e integrar a\u00e7\u00f5es e recursos com &hellip; <\/p>\n<p class=\"link-more\"><a href=\"https:\/\/www.arroiodotigre.rs.gov.br\/site\/secretaria-da-assistencia-social\/\" class=\"more-link\">Continue lendo<span class=\"screen-reader-text\"> &#8220;Secretaria da Assist\u00eancia Social&#8221;<\/span><\/a><\/p>\n","protected":false},"author":3,"featured_media":0,"parent":0,"menu_order":0,"comment_status":"closed","ping_status":"closed","template":"","meta":{"footnotes":""},"class_list":["post-2577","page","type-page","status-publish","hentry","entry"],"_links":{"self":[{"href":"https:\/\/www.arroiodotigre.rs.gov.br\/site\/wp-json\/wp\/v2\/pages\/2577","targetHints":{"allow":["GET"]}}],"collection":[{"href":"https:\/\/www.arroiodotigre.rs.gov.br\/site\/wp-json\/wp\/v2\/pages"}],"about":[{"href":"https:\/\/www.arroiodotigre.rs.gov.br\/site\/wp-json\/wp\/v2\/types\/page"}],"author":[{"embeddable":true,"href":"https:\/\/www.arroiodotigre.rs.gov.br\/site\/wp-json\/wp\/v2\/users\/3"}],"replies":[{"embeddable":true,"href":"https:\/\/www.arroiodotigre.rs.gov.br\/site\/wp-json\/wp\/v2\/comments?post=2577"}],"version-history":[{"count":18,"href":"https:\/\/www.arroiodotigre.rs.gov.br\/site\/wp-json\/wp\/v2\/pages\/2577\/revisions"}],"predecessor-version":[{"id":14298,"href":"https:\/\/www.arroiodotigre.rs.gov.br\/site\/wp-json\/wp\/v2\/pages\/2577\/revisions\/14298"}],"wp:attachment":[{"href":"https:\/\/www.arroiodotigre.rs.gov.br\/site\/wp-json\/wp\/v2\/media?parent=2577"}],"curies":[{"name":"wp","href":"https:\/\/api.w.org\/{rel}","templated":true}]}}