{"id":2082,"date":"2021-07-07T15:33:58","date_gmt":"2021-07-07T18:33:58","guid":{"rendered":"http:\/\/www.arroiodotigre.rs.gov.br\/site\/?page_id=2082"},"modified":"2021-08-02T16:20:32","modified_gmt":"2021-08-02T19:20:32","slug":"perfil","status":"publish","type":"page","link":"https:\/\/www.arroiodotigre.rs.gov.br\/site\/perfil\/","title":{"rendered":"Perfil"},"content":{"rendered":"\n<p>A origem do nome Arroio do Tigre se deu devido a uma on\u00e7a abatida no s\u00e9culo XIX. A on\u00e7a estra\u00e7alhou v\u00e1rios animais dom\u00e9sticos at\u00e9 que um grupo de homens organizou uma tocaia para abat\u00ea-la. Como n\u00e3o conheciam o animal, julgaram que fosse um tigre e o local passou a ser conhecido como Arroio do Tigre. Teve sua emancipa\u00e7\u00e3o em 06 de Novembro de 1963, desmembrando-se de Sobradinho. <\/p>\n\n\n\n<p>O munic\u00edpio est\u00e1 situado na regi\u00e3o Centro Serra e integra a Associa\u00e7\u00e3o dos Munic\u00edpios da Regi\u00e3o Centro Serra (AMCSERRA). Sua \u00e1rea total \u00e9 de 315,132 km\u00b2 r popula\u00e7\u00e3o estimada em 13.413 habitantes que est\u00e3o divididos em 49% na \u00e1rea urbana e os outros 51% na \u00e1rea rural. A economia se fortalece pela agricultura, destacando-se as culturas da soja e do tabaco. Al\u00e9m da produ\u00e7\u00e3o rural o munic\u00edpio tem expressividade no setor cal\u00e7adista e de m\u00f3veis. Todos os pontos econ\u00f4micos e sociais est\u00e3o rodeados de belezas naturais; uma cidade que respira o ar interiorano e expira desenvolvimento.<\/p>\n\n\n\n<figure class=\"wp-block-image size-large\"><img loading=\"lazy\" decoding=\"async\" width=\"1024\" height=\"684\" src=\"http:\/\/www.arroiodotigre.rs.gov.br\/site\/wp-content\/uploads\/2021\/08\/DSC_7862-1024x684.jpg\" alt=\"\" class=\"wp-image-2745\" srcset=\"https:\/\/www.arroiodotigre.rs.gov.br\/site\/wp-content\/uploads\/2021\/08\/DSC_7862-1024x684.jpg 1024w, https:\/\/www.arroiodotigre.rs.gov.br\/site\/wp-content\/uploads\/2021\/08\/DSC_7862-300x200.jpg 300w, https:\/\/www.arroiodotigre.rs.gov.br\/site\/wp-content\/uploads\/2021\/08\/DSC_7862-768x513.jpg 768w, https:\/\/www.arroiodotigre.rs.gov.br\/site\/wp-content\/uploads\/2021\/08\/DSC_7862-1536x1025.jpg 1536w, https:\/\/www.arroiodotigre.rs.gov.br\/site\/wp-content\/uploads\/2021\/08\/DSC_7862-2048x1367.jpg 2048w, https:\/\/www.arroiodotigre.rs.gov.br\/site\/wp-content\/uploads\/2021\/08\/DSC_7862-1568x1047.jpg 1568w\" sizes=\"auto, (max-width: 1024px) 100vw, 1024px\" \/><\/figure>\n\n\n\n<p><strong><span class=\"has-inline-color has-secondary-color\">DADOS GERAIS:<\/span><\/strong><\/p>\n\n\n\n<p class=\"has-text-align-center\"><span class=\"has-inline-color has-secondary-color\"><strong>Nome do Munic\u00edpio: <\/strong>Arroio do Tigre<\/span><\/p>\n\n\n\n<p><strong>Gent\u00edlico:<\/strong> Arroio-Tigrense<\/p>\n\n\n\n<p><span class=\"has-inline-color has-secondary-color\">Administra\u00e7\u00e3o Municipal (2021\/2024)<\/span><\/p>\n\n\n\n<p>Prefeito Marciano Ravanello e Vice-Prefeito Vanderlei Hermes<\/p>\n\n\n\n<p class=\"has-text-align-center\"><br><strong>Associa\u00e7\u00e3o Regional de Munic\u00edpios:<\/strong> AMCSERRA<\/p>\n\n\n\n<p class=\"has-text-align-center\"><strong>Cons\u00f3rcio:<\/strong> Intermunicipal do Vale do Jacu\u00ed &#8211; CIJacu\u00ed<br><strong>CNPJ: <\/strong>87.590.998\/0001-00<br><strong>Endere\u00e7o da Prefeitura: <\/strong>Rua Carlos Ensslin \u2013 n\u00b0 165 \u2013 Centro.<br><strong>Popula\u00e7\u00e3o (Estimada 2020):<\/strong> 13.413 habitantes<br><strong>Percentual<\/strong> <strong>Popula\u00e7\u00e3o Rural:<\/strong> 51%<br><strong>Percentual<\/strong> <strong>Popula\u00e7\u00e3o Urbana:<\/strong> 49%<br><strong>\u00c1rea do Munic\u00edpio: <\/strong>315,132 km\u00b2<br><strong>Data de Emacipa\u00e7\u00e3o: <\/strong>06 de novembro de 1963 (Lei n\u00ba. 4605 A).<br><strong>Munic\u00edpio de origem: <\/strong>Sobradinho.<br><strong>Total de eleitores (Refer\u00eancia 05\/2021<\/strong>): 9.606.<br><strong>Taxa de Escolariza\u00e7\u00e3o de 06 a 14 anos de idade: <\/strong>98,02%<br><strong>Coeficiente de Mortalidade Infantil:<\/strong> 17.09 por mil nascidos Vivos<br><strong>Bioma:<\/strong> Mata Atl\u00e2ntica<br><strong>Clima:<\/strong> Subtropical (Temperatura m\u00e9dia)<br><strong>Localiza\u00e7\u00e3o: <\/strong>Encosta inferior do Nordeste do Rio Grande do Sul<br><strong>Macro Regi\u00e3o:<\/strong> Dos vales<br><strong>Micro Regi\u00e3o: <\/strong>Vale do Rio Pardo<br><strong>Regi\u00e3o:<\/strong> Centro-Serra<br><strong>Dist\u00e2ncia de Porto Alegre:<\/strong> 242 km &#8211; <br><strong>Rodovias de Acesso<\/strong>: ERS-481 e RS-400<br><\/p>\n\n\n\n<p><strong><span class=\"has-inline-color has-secondary-color\">Limites Territoriais:<\/span><\/strong><br><strong>NORTE:<\/strong> Estrela Velha e Salto do Jacu\u00ed<br><strong>SUL:<\/strong> Sobradinho<br><strong>LESTE:<\/strong> Tunas e Segredo<br><strong>OESTE:<\/strong> Ibarama<\/p>\n\n\n\n<p><strong>Economia <\/strong>:<\/p>\n\n\n\n<p><strong>PIB TOTAL (2018): <\/strong>R$335.608.780,00 <br><strong>PIB per capita<\/strong> <strong>(2018):<\/strong>  R$ 25.173,18<\/p>\n\n\n\n<p><span class=\"has-inline-color has-secondary-color\"><strong>Economia Rural <\/strong>(Refer\u00eancia ano de 2020)<\/span><\/p>\n\n\n\n<p>Estabelecimentos Rurais: 1940 unidades<\/p>\n\n\n\n<p>\u00c1rea m\u00e9dia por estabelecimento: 13,78 ha<\/p>\n\n\n\n<p><strong><span class=\"has-inline-color has-secondary-color\">Principais Produtos agr\u00edcolas e Pecu\u00e1ria:<\/span><\/strong><\/p>\n\n\n\n<ul class=\"wp-block-list\"><li><strong>Soja:<\/strong> 9.000 ha;<\/li><li><strong>Tabaco<\/strong>: 5.200 ha;<\/li><li><strong>Milho:<\/strong> 4.300 ha;<\/li><li><strong>Trigo: <\/strong>900 ha<\/li><li><strong>Feij\u00e3o: <\/strong>510 ha<\/li><li><strong>Mandioca: <\/strong>170 ha<\/li><li><strong>Su\u00ednos<\/strong>: 830 mil quilos por ano<\/li><li><strong>Leite:<\/strong> 5.100.000 litros por ano &#8211; Sendo 1.600 cabe\u00e7as de Gado Leiteiro<\/li><li><strong>Bovino de Corte<\/strong>: 9.700 cabe\u00e7as.<\/li><\/ul>\n\n\n\n<p><strong><span class=\"has-inline-color has-secondary-color\">Na ind\u00fastria destacam-se:<\/span><\/strong><\/p>\n\n\n\n<ul class=\"wp-block-list\"><li>Setor Cal\u00e7adista, de malhas, biscoitos, Fabrica\u00e7\u00e3o de aberturas e m\u00f3veis,  metal\u00fargicas e embutidos. <\/li><\/ul>\n\n\n\n<p><\/p>\n\n\n\n<p><strong><span class=\"has-inline-color has-secondary-color\">Educa\u00e7\u00e3o:<\/span><\/strong><\/p>\n\n\n\n<p><strong>E<em>nsino Infantil<\/em><\/strong><\/p>\n\n\n\n<p><br><strong>Escolas:<\/strong> 13<\/p>\n\n\n\n<p><strong>Alunos<\/strong>: 646<\/p>\n\n\n\n<p><strong><span class=\"has-inline-color has-secondary-color\"><em>Ensino Fundamental<\/em><\/span><\/strong><\/p>\n\n\n\n<p><br><strong>Escolas Estaduais:<\/strong> 02<\/p>\n\n\n\n<p><strong>Alunos: <\/strong>461<\/p>\n\n\n\n<p><br><strong>Escolas Municipais: <\/strong>10<\/p>\n\n\n\n<p><strong>Alunos:<\/strong> 880<\/p>\n\n\n\n<p><br><strong>Escolas Particulares<\/strong>: 01&nbsp; <\/p>\n\n\n\n<p><strong>Alunos:<\/strong> 174<\/p>\n\n\n\n<p><em><strong>Ensino M\u00e9dio<\/strong>  <\/em>    <\/p>\n\n\n\n<p>                                                                                                                 <strong>Escolas Estaduais:<\/strong> 01<\/p>\n\n\n\n<p><strong>Alunos:<\/strong> 403                                                                      <\/p>\n\n\n\n<p><strong>Escolas Particulares: <\/strong>01&nbsp; <\/p>\n\n\n\n<p><strong>Alunos<\/strong>: 102<\/p>\n\n\n\n<figure class=\"wp-block-image size-large\"><img loading=\"lazy\" decoding=\"async\" width=\"1024\" height=\"684\" src=\"http:\/\/www.arroiodotigre.rs.gov.br\/site\/wp-content\/uploads\/2021\/08\/DSC0595-1024x684.jpg\" alt=\"\" class=\"wp-image-2744\" srcset=\"https:\/\/www.arroiodotigre.rs.gov.br\/site\/wp-content\/uploads\/2021\/08\/DSC0595-1024x684.jpg 1024w, https:\/\/www.arroiodotigre.rs.gov.br\/site\/wp-content\/uploads\/2021\/08\/DSC0595-300x200.jpg 300w, https:\/\/www.arroiodotigre.rs.gov.br\/site\/wp-content\/uploads\/2021\/08\/DSC0595-768x513.jpg 768w, https:\/\/www.arroiodotigre.rs.gov.br\/site\/wp-content\/uploads\/2021\/08\/DSC0595-1536x1025.jpg 1536w, https:\/\/www.arroiodotigre.rs.gov.br\/site\/wp-content\/uploads\/2021\/08\/DSC0595-2048x1367.jpg 2048w, https:\/\/www.arroiodotigre.rs.gov.br\/site\/wp-content\/uploads\/2021\/08\/DSC0595-1568x1047.jpg 1568w\" sizes=\"auto, (max-width: 1024px) 100vw, 1024px\" \/><\/figure>\n\n\n\n<p><\/p>\n","protected":false},"excerpt":{"rendered":"<p>A origem do nome Arroio do Tigre se deu devido a uma on\u00e7a abatida no s\u00e9culo XIX. A on\u00e7a estra\u00e7alhou v\u00e1rios animais dom\u00e9sticos at\u00e9 que um grupo de homens organizou uma tocaia para abat\u00ea-la. Como n\u00e3o conheciam o animal, julgaram que fosse um tigre e o local passou a ser conhecido como Arroio do Tigre. &hellip; <\/p>\n<p class=\"link-more\"><a href=\"https:\/\/www.arroiodotigre.rs.gov.br\/site\/perfil\/\" class=\"more-link\">Continue lendo<span class=\"screen-reader-text\"> &#8220;Perfil&#8221;<\/span><\/a><\/p>\n","protected":false},"author":2,"featured_media":0,"parent":0,"menu_order":0,"comment_status":"closed","ping_status":"closed","template":"","meta":{"footnotes":""},"class_list":["post-2082","page","type-page","status-publish","hentry","entry"],"_links":{"self":[{"href":"https:\/\/www.arroiodotigre.rs.gov.br\/site\/wp-json\/wp\/v2\/pages\/2082","targetHints":{"allow":["GET"]}}],"collection":[{"href":"https:\/\/www.arroiodotigre.rs.gov.br\/site\/wp-json\/wp\/v2\/pages"}],"about":[{"href":"https:\/\/www.arroiodotigre.rs.gov.br\/site\/wp-json\/wp\/v2\/types\/page"}],"author":[{"embeddable":true,"href":"https:\/\/www.arroiodotigre.rs.gov.br\/site\/wp-json\/wp\/v2\/users\/2"}],"replies":[{"embeddable":true,"href":"https:\/\/www.arroiodotigre.rs.gov.br\/site\/wp-json\/wp\/v2\/comments?post=2082"}],"version-history":[{"count":6,"href":"https:\/\/www.arroiodotigre.rs.gov.br\/site\/wp-json\/wp\/v2\/pages\/2082\/revisions"}],"predecessor-version":[{"id":2747,"href":"https:\/\/www.arroiodotigre.rs.gov.br\/site\/wp-json\/wp\/v2\/pages\/2082\/revisions\/2747"}],"wp:attachment":[{"href":"https:\/\/www.arroiodotigre.rs.gov.br\/site\/wp-json\/wp\/v2\/media?parent=2082"}],"curies":[{"name":"wp","href":"https:\/\/api.w.org\/{rel}","templated":true}]}}