{"id":14457,"date":"2025-04-01T10:16:01","date_gmt":"2025-04-01T13:16:01","guid":{"rendered":"https:\/\/www.arroiodotigre.rs.gov.br\/site\/?page_id=14457"},"modified":"2026-04-09T10:51:28","modified_gmt":"2026-04-09T13:51:28","slug":"vagas-de-creche-disponiveis-nas-emeis","status":"publish","type":"page","link":"https:\/\/www.arroiodotigre.rs.gov.br\/site\/vagas-de-creche-disponiveis-nas-emeis\/","title":{"rendered":"Vagas de creche dispon\u00edveis nas EMEIs"},"content":{"rendered":"\t\t<div data-elementor-type=\"wp-page\" data-elementor-id=\"14457\" class=\"elementor elementor-14457\" data-elementor-post-type=\"page\">\n\t\t\t\t\t\t<div class=\"elementor-inner\">\n\t\t\t\t<div class=\"elementor-section-wrap\">\n\t\t\t\t\t\t\t\t\t<section class=\"elementor-section elementor-top-section elementor-element elementor-element-20127ee3 elementor-section-boxed elementor-section-height-default elementor-section-height-default\" data-id=\"20127ee3\" data-element_type=\"section\">\n\t\t\t\t\t\t<div class=\"elementor-container elementor-column-gap-default\">\n\t\t\t\t\t\t\t<div class=\"elementor-row\">\n\t\t\t\t\t<div class=\"elementor-column elementor-col-100 elementor-top-column elementor-element elementor-element-75b7f794\" data-id=\"75b7f794\" data-element_type=\"column\">\n\t\t\t<div class=\"elementor-column-wrap elementor-element-populated\">\n\t\t\t\t\t\t\t<div class=\"elementor-widget-wrap\">\n\t\t\t\t\t\t<div class=\"elementor-element elementor-element-47d92f91 elementor-widget elementor-widget-text-editor\" data-id=\"47d92f91\" data-element_type=\"widget\" data-widget_type=\"text-editor.default\">\n\t\t\t\t<div class=\"elementor-widget-container\">\n\t\t\t\t\t\t\t\t<div class=\"elementor-text-editor elementor-clearfix\">\n\t\t\t\t<!-- wp:paragraph -->\n<p><strong>No momento o Munic\u00edpio n\u00e3o possui lista de espera para vagas de creche.<\/strong><\/p>\n<!-- \/wp:paragraph --><!-- wp:list -->\n<ul class=\"wp-block-list\"><!-- wp:list-item -->\n<li>EMEI Crian\u00e7a Feliz:<\/li>\n<!-- \/wp:list-item --><\/ul>\n<!-- \/wp:list --><!-- wp:paragraph -->\n<p>&#8211; Creche I A: 03 vagas dispon\u00edveis.<\/p>\n<!-- \/wp:paragraph --><!-- wp:paragraph -->\n<p>&#8211; Creche I B: 04 vaga dispon\u00edvel.<\/p>\n<!-- \/wp:paragraph --><!-- wp:paragraph -->\n<p>&#8211; Creche II A: 02 vagas dispon\u00edveis.<\/p>\n<!-- \/wp:paragraph --><!-- wp:paragraph -->\n<p>&#8211; Creche II B: 04 vagas dispon\u00edveis .<\/p>\n<!-- \/wp:paragraph --><!-- wp:paragraph -->\n<p>&#8211; Creche III: 0 vagas dispon\u00edv\u00e9is.<\/p>\n<!-- \/wp:paragraph --><!-- wp:list -->\n<ul class=\"wp-block-list\"><!-- wp:list-item -->\n<li>EMEI Pingo de gente:<\/li>\n<!-- \/wp:list-item --><\/ul>\n<!-- \/wp:list --><!-- wp:paragraph -->\n<p>&#8211; Creche I A: 06 vagas dispon\u00edveis.<\/p>\n<!-- \/wp:paragraph --><!-- wp:paragraph -->\n<p>&#8211; Creche I B: 04 vagas dispon\u00edveis.<\/p>\n<!-- \/wp:paragraph --><!-- wp:paragraph -->\n<p>&#8211; Creche II A: 05 vagas dispon\u00edveis.<\/p>\n<!-- \/wp:paragraph --><!-- wp:paragraph -->\n<p>&#8211; Creche II B: 0 vagas dispon\u00edveis .<\/p>\n<!-- \/wp:paragraph --><!-- wp:paragraph -->\n<p>&#8211; Creche III: 0 vagas dispon\u00edvel.<\/p>\n<!-- \/wp:paragraph --><!-- wp:list -->\n<ul class=\"wp-block-list\"><!-- wp:list-item -->\n<li>EMEI V\u00f3 Nat\u00e1lia:<\/li>\n<!-- \/wp:list-item --><\/ul>\n<!-- \/wp:list --><!-- wp:paragraph -->\n<p>&#8211; Creche I A: 03 vagas dispon\u00edveis.<\/p>\n<!-- \/wp:paragraph --><!-- wp:paragraph -->\n<p>&#8211; Creche I B: 01 vagas dispon\u00edveis.<\/p>\n<!-- \/wp:paragraph --><!-- wp:paragraph -->\n<p>&#8211; Creche II A: 03 vagas dispon\u00edveis.<\/p>\n<!-- \/wp:paragraph --><!-- wp:paragraph -->\n<p>&#8211; Creche II B: 02 vagas dispon\u00edveis .<\/p>\n<!-- \/wp:paragraph --><!-- wp:paragraph -->\n<p>&#8211; Creche III A: 03 vaga dispon\u00edveis.<\/p>\n<!-- \/wp:paragraph --><!-- wp:paragraph -->\n<p>&#8211; Creche III B: 02 vagas dispon\u00edveis.<\/p>\n<!-- \/wp:paragraph --><!-- wp:paragraph -->\n<p>Lista atualizada em: 09\/04\/2026.<\/p>\n<!-- \/wp:paragraph --><!-- wp:paragraph -->\n<p>Lista de Documentos necess\u00e1rios para matr\u00edcula nas EMEIs<\/p>\n<!-- \/wp:paragraph --><!-- wp:list -->\n<ul class=\"wp-block-list\"><!-- wp:list-item -->\n<li>C\u00f3pia da Certid\u00e3o de Nascimento<\/li>\n<!-- \/wp:list-item --><!-- wp:list-item -->\n<li>C\u00f3pia RG e CPF do aluno<\/li>\n<!-- \/wp:list-item --><!-- wp:list-item -->\n<li>Comprovante de resid\u00eancia<\/li>\n<!-- \/wp:list-item --><!-- wp:list-item -->\n<li>C\u00f3pia RG e CPF dos pais\/respons\u00e1veis<\/li>\n<!-- \/wp:list-item --><!-- wp:list-item -->\n<li>C\u00f3pia do Cart\u00e3o SUS do aluno<\/li>\n<!-- \/wp:list-item --><!-- wp:list-item -->\n<li>Atestado de vacina\u00e7\u00e3o e c\u00f3pia da Carteira de Vacina\u00e7\u00e3o<\/li>\n<!-- \/wp:list-item --><!-- wp:list-item -->\n<li>C\u00f3pia do NIS &#8211; Bolsa Fam\u00edlia\u00a0 (se for benefici\u00e1rio)<\/li>\n<!-- \/wp:list-item --><!-- wp:list-item -->\n<li>Atestado\/laudo m\u00e9dico com CID para crian\u00e7a com defici\u00eancia atualizado<\/li>\n<!-- \/wp:list-item --><!-- wp:list-item -->\n<li>Atestado m\u00e9dico se a crian\u00e7a possuir restri\u00e7\u00e3o e\/ou intoler\u00e2ncia alimentar atualizado<\/li>\n<!-- \/wp:list-item --><\/ul>\n<!-- \/wp:list --><!-- wp:paragraph -->\n<p>\u00a0<\/p>\n<!-- \/wp:paragraph -->\t\t\t\t\t<\/div>\n\t\t\t\t\t\t<\/div>\n\t\t\t\t<\/div>\n\t\t\t\t\t\t<\/div>\n\t\t\t\t\t<\/div>\n\t\t<\/div>\n\t\t\t\t\t\t\t\t<\/div>\n\t\t\t\t\t<\/div>\n\t\t<\/section>\n\t\t\t\t\t\t\t\t\t<\/div>\n\t\t\t<\/div>\n\t\t\t\t\t<\/div>\n\t\t","protected":false},"excerpt":{"rendered":"<p>No momento o Munic\u00edpio n\u00e3o possui lista de espera para vagas de creche. &#8211; Creche I A: 03 vagas dispon\u00edveis. &#8211; Creche I B: 04 vaga dispon\u00edvel. &#8211; Creche II A: 02 vagas dispon\u00edveis. &#8211; Creche II B: 04 vagas dispon\u00edveis . &#8211; Creche III: 0 vagas dispon\u00edv\u00e9is. &#8211; Creche I A: 06 vagas dispon\u00edveis. &hellip; <\/p>\n<p class=\"link-more\"><a href=\"https:\/\/www.arroiodotigre.rs.gov.br\/site\/vagas-de-creche-disponiveis-nas-emeis\/\" class=\"more-link\">Continue lendo<span class=\"screen-reader-text\"> &#8220;Vagas de creche dispon\u00edveis nas EMEIs&#8221;<\/span><\/a><\/p>\n","protected":false},"author":1,"featured_media":0,"parent":0,"menu_order":0,"comment_status":"closed","ping_status":"closed","template":"","meta":{"footnotes":""},"class_list":["post-14457","page","type-page","status-publish","hentry","entry"],"_links":{"self":[{"href":"https:\/\/www.arroiodotigre.rs.gov.br\/site\/wp-json\/wp\/v2\/pages\/14457","targetHints":{"allow":["GET"]}}],"collection":[{"href":"https:\/\/www.arroiodotigre.rs.gov.br\/site\/wp-json\/wp\/v2\/pages"}],"about":[{"href":"https:\/\/www.arroiodotigre.rs.gov.br\/site\/wp-json\/wp\/v2\/types\/page"}],"author":[{"embeddable":true,"href":"https:\/\/www.arroiodotigre.rs.gov.br\/site\/wp-json\/wp\/v2\/users\/1"}],"replies":[{"embeddable":true,"href":"https:\/\/www.arroiodotigre.rs.gov.br\/site\/wp-json\/wp\/v2\/comments?post=14457"}],"version-history":[{"count":8,"href":"https:\/\/www.arroiodotigre.rs.gov.br\/site\/wp-json\/wp\/v2\/pages\/14457\/revisions"}],"predecessor-version":[{"id":17290,"href":"https:\/\/www.arroiodotigre.rs.gov.br\/site\/wp-json\/wp\/v2\/pages\/14457\/revisions\/17290"}],"wp:attachment":[{"href":"https:\/\/www.arroiodotigre.rs.gov.br\/site\/wp-json\/wp\/v2\/media?parent=14457"}],"curies":[{"name":"wp","href":"https:\/\/api.w.org\/{rel}","templated":true}]}}