{"id":14457,"date":"2025-04-01T10:16:01","date_gmt":"2025-04-01T13:16:01","guid":{"rendered":"https:\/\/www.arroiodotigre.rs.gov.br\/site\/?page_id=14457"},"modified":"2026-07-02T09:33:33","modified_gmt":"2026-07-02T12:33:33","slug":"vagas-de-creche-disponiveis-nas-emeis","status":"publish","type":"page","link":"https:\/\/www.arroiodotigre.rs.gov.br\/site\/vagas-de-creche-disponiveis-nas-emeis\/","title":{"rendered":"Vagas de creche dispon\u00edveis nas EMEIs"},"content":{"rendered":"\t\t<div data-elementor-type=\"wp-page\" data-elementor-id=\"14457\" class=\"elementor elementor-14457\" data-elementor-post-type=\"page\">\n\t\t\t\t\t\t<div class=\"elementor-inner\">\n\t\t\t\t<div class=\"elementor-section-wrap\">\n\t\t\t\t\t\t\t\t\t<section class=\"elementor-section elementor-top-section elementor-element elementor-element-20127ee3 elementor-section-boxed elementor-section-height-default elementor-section-height-default\" data-id=\"20127ee3\" data-element_type=\"section\">\n\t\t\t\t\t\t<div class=\"elementor-container elementor-column-gap-default\">\n\t\t\t\t\t\t\t<div class=\"elementor-row\">\n\t\t\t\t\t<div class=\"elementor-column elementor-col-100 elementor-top-column elementor-element elementor-element-75b7f794\" data-id=\"75b7f794\" data-element_type=\"column\">\n\t\t\t<div class=\"elementor-column-wrap elementor-element-populated\">\n\t\t\t\t\t\t\t<div class=\"elementor-widget-wrap\">\n\t\t\t\t\t\t<div class=\"elementor-element elementor-element-47d92f91 elementor-widget elementor-widget-text-editor\" data-id=\"47d92f91\" data-element_type=\"widget\" data-widget_type=\"text-editor.default\">\n\t\t\t\t<div class=\"elementor-widget-container\">\n\t\t\t\t\t\t\t\t<div class=\"elementor-text-editor elementor-clearfix\">\n\t\t\t\t<p><strong>No momento o Munic\u00edpio n\u00e3o possui lista de espera para vagas de creche.<\/strong><\/p>\n<p><!-- \/wp:paragraph --><!-- wp:list --><\/p>\n<ul class=\"wp-block-list\">\n<li style=\"list-style-type: none;\">\n<ul class=\"wp-block-list\"><!-- wp:list-item --><\/ul>\n<\/li>\n<\/ul>\n<p>\u00a0<\/p>\n<ul class=\"wp-block-list\">\n<li><a href=\"http:\/\/www.arroiodotigre.rs.gov.br\/site\/wp-content\/uploads\/2026\/07\/Lista-de-Vagas-de-Creche-01072026.pdf\">Baixe aqui a lista de Vagas dispon\u00edveis.<\/a><\/li>\n<\/ul>\n<p><!-- \/wp:paragraph --><!-- wp:paragraph --><\/p>\n<p>Lista atualizada em: 01\/07\/2026.<\/p>\n<p><!-- \/wp:paragraph --><!-- wp:paragraph --><\/p>\n<p>Lista de Documentos necess\u00e1rios para matr\u00edcula nas EMEIs<\/p>\n<p><!-- \/wp:paragraph --><!-- wp:list --><\/p>\n<ul class=\"wp-block-list\">\n<li style=\"list-style-type: none;\">\n<ul class=\"wp-block-list\"><!-- wp:list-item --><\/ul>\n<\/li>\n<\/ul>\n<p>\u00a0<\/p>\n<ul class=\"wp-block-list\">\n<li style=\"list-style-type: none;\">\n<ul class=\"wp-block-list\">\n<li>C\u00f3pia da Certid\u00e3o de Nascimento<\/li>\n<\/ul>\n<\/li>\n<\/ul>\n<p><!-- \/wp:list-item --><!-- wp:list-item --><\/p>\n<ul class=\"wp-block-list\">\n<li style=\"list-style-type: none;\">\n<ul class=\"wp-block-list\">\n<li>C\u00f3pia RG e CPF do aluno<\/li>\n<\/ul>\n<\/li>\n<\/ul>\n<p><!-- \/wp:list-item --><!-- wp:list-item --><\/p>\n<ul class=\"wp-block-list\">\n<li style=\"list-style-type: none;\">\n<ul class=\"wp-block-list\">\n<li>Comprovante de resid\u00eancia<\/li>\n<\/ul>\n<\/li>\n<\/ul>\n<p><!-- \/wp:list-item --><!-- wp:list-item --><\/p>\n<ul class=\"wp-block-list\">\n<li style=\"list-style-type: none;\">\n<ul class=\"wp-block-list\">\n<li>C\u00f3pia RG e CPF dos pais\/respons\u00e1veis<\/li>\n<\/ul>\n<\/li>\n<\/ul>\n<p><!-- \/wp:list-item --><!-- wp:list-item --><\/p>\n<ul class=\"wp-block-list\">\n<li style=\"list-style-type: none;\">\n<ul class=\"wp-block-list\">\n<li>C\u00f3pia do Cart\u00e3o SUS do aluno<\/li>\n<\/ul>\n<\/li>\n<\/ul>\n<p><!-- \/wp:list-item --><!-- wp:list-item --><\/p>\n<ul class=\"wp-block-list\">\n<li style=\"list-style-type: none;\">\n<ul class=\"wp-block-list\">\n<li>Atestado de vacina\u00e7\u00e3o e c\u00f3pia da Carteira de Vacina\u00e7\u00e3o<\/li>\n<\/ul>\n<\/li>\n<\/ul>\n<p><!-- \/wp:list-item --><!-- wp:list-item --><\/p>\n<ul class=\"wp-block-list\">\n<li style=\"list-style-type: none;\">\n<ul class=\"wp-block-list\">\n<li>C\u00f3pia do NIS &#8211; Bolsa Fam\u00edlia\u00a0 (se for benefici\u00e1rio)<\/li>\n<\/ul>\n<\/li>\n<\/ul>\n<p><!-- \/wp:list-item --><!-- wp:list-item --><\/p>\n<ul class=\"wp-block-list\">\n<li style=\"list-style-type: none;\">\n<ul class=\"wp-block-list\">\n<li>Atestado\/laudo m\u00e9dico com CID para crian\u00e7a com defici\u00eancia atualizado<\/li>\n<\/ul>\n<\/li>\n<\/ul>\n<p><!-- \/wp:list-item --><!-- wp:list-item --><\/p>\n<ul class=\"wp-block-list\">\n<li style=\"list-style-type: none;\">\n<ul class=\"wp-block-list\">\n<li>Atestado m\u00e9dico se a crian\u00e7a possuir restri\u00e7\u00e3o e\/ou intoler\u00e2ncia alimentar atualizado<\/li>\n<\/ul>\n<\/li>\n<\/ul>\n<p><!-- \/wp:list-item --><\/p>\n<p><!-- \/wp:list --><!-- wp:paragraph --><\/p>\n<p><!-- \/wp:paragraph --><\/p>\t\t\t\t\t<\/div>\n\t\t\t\t\t\t<\/div>\n\t\t\t\t<\/div>\n\t\t\t\t\t\t<\/div>\n\t\t\t\t\t<\/div>\n\t\t<\/div>\n\t\t\t\t\t\t\t\t<\/div>\n\t\t\t\t\t<\/div>\n\t\t<\/section>\n\t\t\t\t\t\t\t\t\t<\/div>\n\t\t\t<\/div>\n\t\t\t\t\t<\/div>\n\t\t","protected":false},"excerpt":{"rendered":"<p>No momento o Munic\u00edpio n\u00e3o possui lista de espera para vagas de creche. \u00a0 Baixe aqui a lista de Vagas dispon\u00edveis. Lista atualizada em: 01\/07\/2026. Lista de Documentos necess\u00e1rios para matr\u00edcula nas EMEIs \u00a0 C\u00f3pia da Certid\u00e3o de Nascimento C\u00f3pia RG e CPF do aluno Comprovante de resid\u00eancia C\u00f3pia RG e CPF dos pais\/respons\u00e1veis C\u00f3pia &hellip; <\/p>\n<p class=\"link-more\"><a href=\"https:\/\/www.arroiodotigre.rs.gov.br\/site\/vagas-de-creche-disponiveis-nas-emeis\/\" class=\"more-link\">Continue lendo<span class=\"screen-reader-text\"> &#8220;Vagas de creche dispon\u00edveis nas EMEIs&#8221;<\/span><\/a><\/p>\n","protected":false},"author":1,"featured_media":0,"parent":0,"menu_order":0,"comment_status":"closed","ping_status":"closed","template":"","meta":{"footnotes":""},"class_list":["post-14457","page","type-page","status-publish","hentry","entry"],"_links":{"self":[{"href":"https:\/\/www.arroiodotigre.rs.gov.br\/site\/wp-json\/wp\/v2\/pages\/14457","targetHints":{"allow":["GET"]}}],"collection":[{"href":"https:\/\/www.arroiodotigre.rs.gov.br\/site\/wp-json\/wp\/v2\/pages"}],"about":[{"href":"https:\/\/www.arroiodotigre.rs.gov.br\/site\/wp-json\/wp\/v2\/types\/page"}],"author":[{"embeddable":true,"href":"https:\/\/www.arroiodotigre.rs.gov.br\/site\/wp-json\/wp\/v2\/users\/1"}],"replies":[{"embeddable":true,"href":"https:\/\/www.arroiodotigre.rs.gov.br\/site\/wp-json\/wp\/v2\/comments?post=14457"}],"version-history":[{"count":17,"href":"https:\/\/www.arroiodotigre.rs.gov.br\/site\/wp-json\/wp\/v2\/pages\/14457\/revisions"}],"predecessor-version":[{"id":17953,"href":"https:\/\/www.arroiodotigre.rs.gov.br\/site\/wp-json\/wp\/v2\/pages\/14457\/revisions\/17953"}],"wp:attachment":[{"href":"https:\/\/www.arroiodotigre.rs.gov.br\/site\/wp-json\/wp\/v2\/media?parent=14457"}],"curies":[{"name":"wp","href":"https:\/\/api.w.org\/{rel}","templated":true}]}}

Vagas de creche disponíveis nas EMEIs

<div data-elementor-type="wp-page" data-elementor-id="14457" class="elementor elementor-14457" data-elementor-post-type="page">
						<div class="elementor-inner">
				<div class="elementor-section-wrap">
									<section class="elementor-section elementor-top-section elementor-element elementor-element-20127ee3 elementor-section-boxed elementor-section-height-default elementor-section-height-default" data-id="20127ee3" data-element_type="section">
						<div class="elementor-container elementor-column-gap-default">
							<div class="elementor-row">
					<div class="elementor-column elementor-col-100 elementor-top-column elementor-element elementor-element-75b7f794" data-id="75b7f794" data-element_type="column">
			<div class="elementor-column-wrap elementor-element-populated">
							<div class="elementor-widget-wrap">
						<div class="elementor-element elementor-element-47d92f91 elementor-widget elementor-widget-text-editor" data-id="47d92f91" data-element_type="widget" data-widget_type="text-editor.default">
				<div class="elementor-widget-container">
								<div class="elementor-text-editor elementor-clearfix">
				<p><strong>No momento o Município não possui lista de espera para vagas de creche.</strong></p>
<p><!-- /wp:paragraph --><!-- wp:list --></p>
<ul class="wp-block-list">
<li style="list-style-type: none;">
<ul class="wp-block-list"><!-- wp:list-item --></ul>
</li>
</ul>
<p> </p>
<ul class="wp-block-list">
<li><a href="http://www.arroiodotigre.rs.gov.br/site/wp-content/uploads/2026/07/Lista-de-Vagas-de-Creche-01072026.pdf">Baixe aqui a lista de Vagas disponíveis.</a></li>
</ul>
<p><!-- /wp:paragraph --><!-- wp:paragraph --></p>
<p>Lista atualizada em: 01/07/2026.</p>
<p><!-- /wp:paragraph --><!-- wp:paragraph --></p>
<p>Lista de Documentos necessários para matrícula nas EMEIs</p>
<p><!-- /wp:paragraph --><!-- wp:list --></p>
<ul class="wp-block-list">
<li style="list-style-type: none;">
<ul class="wp-block-list"><!-- wp:list-item --></ul>
</li>
</ul>
<p> </p>
<ul class="wp-block-list">
<li style="list-style-type: none;">
<ul class="wp-block-list">
<li>Cópia da Certidão de Nascimento</li>
</ul>
</li>
</ul>
<p><!-- /wp:list-item --><!-- wp:list-item --></p>
<ul class="wp-block-list">
<li style="list-style-type: none;">
<ul class="wp-block-list">
<li>Cópia RG e CPF do aluno</li>
</ul>
</li>
</ul>
<p><!-- /wp:list-item --><!-- wp:list-item --></p>
<ul class="wp-block-list">
<li style="list-style-type: none;">
<ul class="wp-block-list">
<li>Comprovante de residência</li>
</ul>
</li>
</ul>
<p><!-- /wp:list-item --><!-- wp:list-item --></p>
<ul class="wp-block-list">
<li style="list-style-type: none;">
<ul class="wp-block-list">
<li>Cópia RG e CPF dos pais/responsáveis</li>
</ul>
</li>
</ul>
<p><!-- /wp:list-item --><!-- wp:list-item --></p>
<ul class="wp-block-list">
<li style="list-style-type: none;">
<ul class="wp-block-list">
<li>Cópia do Cartão SUS do aluno</li>
</ul>
</li>
</ul>
<p><!-- /wp:list-item --><!-- wp:list-item --></p>
<ul class="wp-block-list">
<li style="list-style-type: none;">
<ul class="wp-block-list">
<li>Atestado de vacinação e cópia da Carteira de Vacinação</li>
</ul>
</li>
</ul>
<p><!-- /wp:list-item --><!-- wp:list-item --></p>
<ul class="wp-block-list">
<li style="list-style-type: none;">
<ul class="wp-block-list">
<li>Cópia do NIS &#8211; Bolsa Família  (se for beneficiário)</li>
</ul>
</li>
</ul>
<p><!-- /wp:list-item --><!-- wp:list-item --></p>
<ul class="wp-block-list">
<li style="list-style-type: none;">
<ul class="wp-block-list">
<li>Atestado/laudo médico com CID para criança com deficiência atualizado</li>
</ul>
</li>
</ul>
<p><!-- /wp:list-item --><!-- wp:list-item --></p>
<ul class="wp-block-list">
<li style="list-style-type: none;">
<ul class="wp-block-list">
<li>Atestado médico se a criança possuir restrição e/ou intolerância alimentar atualizado</li>
</ul>
</li>
</ul>
<p><!-- /wp:list-item --></p>
<p><!-- /wp:list --><!-- wp:paragraph --></p>
<p><!-- /wp:paragraph --></p>					</div>
						</div>
				</div>
						</div>
					</div>
		</div>
								</div>
					</div>
		</section>
									</div>
			</div>
					</div>

<p>No momento o Município não possui lista de espera para vagas de creche.   Baixe aqui a lista de Vagas disponíveis. Lista atualizada em: 01/07/2026. Lista de Documentos necessários para matrícula nas EMEIs   Cópia da Certidão de Nascimento Cópia RG e CPF do aluno Comprovante de residência Cópia RG e CPF dos pais/responsáveis Cópia &hellip; </p>
<p class="link-more"><a href="https://www.arroiodotigre.rs.gov.br/site/vagas-de-creche-disponiveis-nas-emeis/" class="more-link">Continue lendo<span class="screen-reader-text"> &#8220;Vagas de creche disponíveis nas EMEIs&#8221;</span></a></p>
