{"id":2638,"date":"2021-07-23T10:12:47","date_gmt":"2021-07-23T13:12:47","guid":{"rendered":"http:\/\/www.arroiodotigre.rs.gov.br\/site\/?page_id=2638"},"modified":"2025-03-13T16:32:52","modified_gmt":"2025-03-13T19:32:52","slug":"secretaria-da-fazenda","status":"publish","type":"page","link":"http:\/\/www.arroiodotigre.rs.gov.br\/site\/secretaria-da-fazenda\/","title":{"rendered":"Secretaria da Fazenda"},"content":{"rendered":"\t\t<div data-elementor-type=\"wp-page\" data-elementor-id=\"2638\" class=\"elementor elementor-2638\" data-elementor-post-type=\"page\">\n\t\t\t\t\t\t<div class=\"elementor-inner\">\n\t\t\t\t<div class=\"elementor-section-wrap\">\n\t\t\t\t\t\t\t\t\t<section class=\"elementor-section elementor-top-section elementor-element elementor-element-167ce258 elementor-section-boxed elementor-section-height-default elementor-section-height-default\" data-id=\"167ce258\" data-element_type=\"section\">\n\t\t\t\t\t\t<div class=\"elementor-container elementor-column-gap-default\">\n\t\t\t\t\t\t\t<div class=\"elementor-row\">\n\t\t\t\t\t<div class=\"elementor-column elementor-col-100 elementor-top-column elementor-element elementor-element-40ff0694\" data-id=\"40ff0694\" data-element_type=\"column\">\n\t\t\t<div class=\"elementor-column-wrap elementor-element-populated\">\n\t\t\t\t\t\t\t<div class=\"elementor-widget-wrap\">\n\t\t\t\t\t\t<div class=\"elementor-element elementor-element-3823657c elementor-widget elementor-widget-text-editor\" data-id=\"3823657c\" data-element_type=\"widget\" data-widget_type=\"text-editor.default\">\n\t\t\t\t<div class=\"elementor-widget-container\">\n\t\t\t\t\t\t\t\t<div class=\"elementor-text-editor elementor-clearfix\">\n\t\t\t\t<h3><img loading=\"lazy\" decoding=\"async\" class=\"size-medium wp-image-14407 alignleft\" src=\"http:\/\/www.arroiodotigre.rs.gov.br\/site\/wp-content\/uploads\/2025\/03\/DSC08765-200x300.jpg\" alt=\"\" width=\"200\" height=\"300\" srcset=\"http:\/\/www.arroiodotigre.rs.gov.br\/site\/wp-content\/uploads\/2025\/03\/DSC08765-200x300.jpg 200w, http:\/\/www.arroiodotigre.rs.gov.br\/site\/wp-content\/uploads\/2025\/03\/DSC08765-683x1024.jpg 683w, http:\/\/www.arroiodotigre.rs.gov.br\/site\/wp-content\/uploads\/2025\/03\/DSC08765-768x1152.jpg 768w, http:\/\/www.arroiodotigre.rs.gov.br\/site\/wp-content\/uploads\/2025\/03\/DSC08765-1024x1536.jpg 1024w, http:\/\/www.arroiodotigre.rs.gov.br\/site\/wp-content\/uploads\/2025\/03\/DSC08765-1365x2048.jpg 1365w, http:\/\/www.arroiodotigre.rs.gov.br\/site\/wp-content\/uploads\/2025\/03\/DSC08765-1568x2352.jpg 1568w, http:\/\/www.arroiodotigre.rs.gov.br\/site\/wp-content\/uploads\/2025\/03\/DSC08765-scaled.jpg 1707w\" sizes=\"auto, (max-width: 200px) 100vw, 200px\" \/>Secret\u00e1rio Municipal: Ed\u00e9sio Jank<\/h3><p>Compete \u00e0 Secretaria Municipal da Fazenda:<br \/>&#8211; formular a pol\u00edtica tribut\u00e1ria e definir as prioridades financeiras do munic\u00edpio;<br \/>&#8211; coordenar e controlar o lan\u00e7amento, cobran\u00e7a, fiscaliza\u00e7\u00e3o e inscri\u00e7\u00e3o do cr\u00e9dito tribut\u00e1rio, em conjunto com o Departamento Jur\u00eddico do Munic\u00edpio;<br \/>&#8211; coordenar o desenvolvimento e manuten\u00e7\u00e3o evolutiva do sistema de gest\u00e3o tribut\u00e1ria;<br \/>&#8211; propor e apoiar a\u00e7\u00f5es voltadas a moderniza\u00e7\u00e3o tribut\u00e1ria e a educa\u00e7\u00e3o fiscal;<br \/>&#8211; estabelecer diretrizes a sistem\u00e1tica de elabora\u00e7\u00e3o e execu\u00e7\u00e3o de planos, programas e projetos governamentais, bem como sua adequa\u00e7\u00e3o \u00e0s prioridades estabelecidas pelo Munic\u00edpio;<br \/>&#8211; coordenar, compartilhar e avalizar a aloca\u00e7\u00e3o de recursos or\u00e7ament\u00e1rios necess\u00e1rios ao cumprimento dos objetivos e metas governamentais;<br \/>&#8211; definir as prioridades relativas \u00e0 libera\u00e7\u00e3o dos recursos financeiros com o objetivo de elabora\u00e7\u00e3o da programa\u00e7\u00e3o financeira de desembolso, de forma articulada com as demais Secretarias Municipais;<br \/>&#8211; desenvolver as atividades relacionadas com: tributa\u00e7\u00e3o, arrecada\u00e7\u00e3o e fiscaliza\u00e7\u00e3o; administra\u00e7\u00e3o financeira; despesa e d\u00edvida p\u00fablica; contencioso administrativo-tribut\u00e1rio; supervis\u00e3o, coordena\u00e7\u00e3o e acompanhamento do desempenho das entidades financeiras do Munic\u00edpio;<br \/>&#8211; administrar os encargos gerais do Munic\u00edpio;<br \/>&#8211; apoiar e orientar as Secretarias Municipais e demais dirigentes nas atividades referentes \u00e0 administra\u00e7\u00e3o financeira, cont\u00e1bil e de auditoria nas respectivas \u00e1reas de atua\u00e7\u00e3o;<br \/>&#8211; definir os prazos, crit\u00e9rios e procedimentos para os fechamentos cont\u00e1beis necess\u00e1rios \u00e0 elabora\u00e7\u00e3o dos balancetes mensais e \u00e0 consolida\u00e7\u00e3o do balan\u00e7o geral do<br \/>Munic\u00edpio;<br \/>&#8211; coordenar o desenvolvimento e a manuten\u00e7\u00e3o evolutiva do sistema de gest\u00e3o fiscal;<br \/>&#8211; coordenar a elabora\u00e7\u00e3o do Planejamento Anual do Munic\u00edpio de Arroio do Tigre;<br \/>&#8211; propor e apoiar as a\u00e7\u00f5es voltadas ao desenvolvimento de um processo cont\u00ednuo e permanente de moderniza\u00e7\u00e3o administrativa, visando a integra\u00e7\u00e3o, racionaliza\u00e7\u00e3o e efici\u00eancia das rotinas, m\u00e9todos e processos de trabalho, no \u00e2mbito da Administra\u00e7\u00e3o Municipal, contribuindo para a melhoria dos servi\u00e7os p\u00fablicos;<br \/>&#8211; coordenar a elabora\u00e7\u00e3o e acompanhar a execu\u00e7\u00e3o do Plano PluriAnual (PPA), Lei de Diretrizes Or\u00e7ament\u00e1rias (LDO) e Lei Or\u00e7ament\u00e1ria Anual (LOA), instrumentos do Sistema de Planejamento P\u00fablico Brasileiro;<br \/>&#8211; estabelecer diretrizes \u00e0 sistem\u00e1tica de elabora\u00e7\u00e3o e execu\u00e7\u00e3o de planos, programas e projetos governamentais, bem como sua adequa\u00e7\u00e3o \u00e0s prioridades estabelecidas pelo Governo Municipal;<br \/>&#8211; coordenar, compartilhar e avaliar a aloca\u00e7\u00e3o de recursos or\u00e7ament\u00e1rios necess\u00e1rios ao cumprimento dos objetivos e metas governamentais, bem como o acompanhamento de sua execu\u00e7\u00e3o;<br \/>&#8211; exercer outras atividades correlatas designadas pelo Prefeito Municipal ou atribu\u00eddas mediante decreto do Poder Executivo.<\/p><p>Fica vinculada \u00e0 estrutura da Secretaria Municipal da Fazenda:<br \/>&#8211; Departamento de Contabilidade;<br \/>&#8211; Setor de Tributos;<br \/>&#8211; Tesouraria;<br \/>&#8211; Setor de Licita\u00e7\u00e3o.<\/p>\t\t\t\t\t<\/div>\n\t\t\t\t\t\t<\/div>\n\t\t\t\t<\/div>\n\t\t\t\t\t\t<\/div>\n\t\t\t\t\t<\/div>\n\t\t<\/div>\n\t\t\t\t\t\t\t\t<\/div>\n\t\t\t\t\t<\/div>\n\t\t<\/section>\n\t\t\t\t\t\t\t\t\t<\/div>\n\t\t\t<\/div>\n\t\t\t\t\t<\/div>\n\t\t","protected":false},"excerpt":{"rendered":"<p>Secret\u00e1rio Municipal: Ed\u00e9sio Jank Compete \u00e0 Secretaria Municipal da Fazenda:&#8211; formular a pol\u00edtica tribut\u00e1ria e definir as prioridades financeiras do munic\u00edpio;&#8211; coordenar e controlar o lan\u00e7amento, cobran\u00e7a, fiscaliza\u00e7\u00e3o e inscri\u00e7\u00e3o do cr\u00e9dito tribut\u00e1rio, em conjunto com o Departamento Jur\u00eddico do Munic\u00edpio;&#8211; coordenar o desenvolvimento e manuten\u00e7\u00e3o evolutiva do sistema de gest\u00e3o tribut\u00e1ria;&#8211; propor e apoiar &hellip; <\/p>\n<p class=\"link-more\"><a href=\"http:\/\/www.arroiodotigre.rs.gov.br\/site\/secretaria-da-fazenda\/\" class=\"more-link\">Continue lendo<span class=\"screen-reader-text\"> &#8220;Secretaria da Fazenda&#8221;<\/span><\/a><\/p>\n","protected":false},"author":3,"featured_media":0,"parent":0,"menu_order":0,"comment_status":"closed","ping_status":"closed","template":"","meta":{"footnotes":""},"class_list":["post-2638","page","type-page","status-publish","hentry","entry"],"_links":{"self":[{"href":"http:\/\/www.arroiodotigre.rs.gov.br\/site\/wp-json\/wp\/v2\/pages\/2638","targetHints":{"allow":["GET"]}}],"collection":[{"href":"http:\/\/www.arroiodotigre.rs.gov.br\/site\/wp-json\/wp\/v2\/pages"}],"about":[{"href":"http:\/\/www.arroiodotigre.rs.gov.br\/site\/wp-json\/wp\/v2\/types\/page"}],"author":[{"embeddable":true,"href":"http:\/\/www.arroiodotigre.rs.gov.br\/site\/wp-json\/wp\/v2\/users\/3"}],"replies":[{"embeddable":true,"href":"http:\/\/www.arroiodotigre.rs.gov.br\/site\/wp-json\/wp\/v2\/comments?post=2638"}],"version-history":[{"count":19,"href":"http:\/\/www.arroiodotigre.rs.gov.br\/site\/wp-json\/wp\/v2\/pages\/2638\/revisions"}],"predecessor-version":[{"id":14410,"href":"http:\/\/www.arroiodotigre.rs.gov.br\/site\/wp-json\/wp\/v2\/pages\/2638\/revisions\/14410"}],"wp:attachment":[{"href":"http:\/\/www.arroiodotigre.rs.gov.br\/site\/wp-json\/wp\/v2\/media?parent=2638"}],"curies":[{"name":"wp","href":"https:\/\/api.w.org\/{rel}","templated":true}]}}