{"id":1923,"date":"2021-07-06T23:07:56","date_gmt":"2021-07-07T02:07:56","guid":{"rendered":"http:\/\/www.arroiodotigre.rs.gov.br\/site\/?page_id=1923"},"modified":"2021-07-07T08:20:11","modified_gmt":"2021-07-07T11:20:11","slug":"decretos-2020","status":"publish","type":"page","link":"http:\/\/www.arroiodotigre.rs.gov.br\/site\/decretos-2020\/","title":{"rendered":"Decretos 2020"},"content":{"rendered":"<div class=\"sdm_download_item \"><div class=\"sdm_download_item_top\"><div class=\"sdm_download_thumbnail\"><\/div><div class=\"sdm_download_title\">Decreto Municipal n\u00ba 3.252\/2020<\/div><\/div><div style=\"clear:both;\"><\/div><div class=\"sdm_download_description\"><p>DISP\u00d5E SOBRE A LIBERA\u00c7\u00c3O DE VEL\u00d3RIOS E FUNERAIS NOS SAL\u00d5ES COMUNIT\u00c1RIOS, COM MEDIDAS DE RESTRI\u00c7\u00c3O E PREVEN\u00c7\u00c3O, ENQUANTO DURAR O PER\u00cdODO DA CALAMIDADE P\u00daBLICA E NO CONTEXTO DA COVID-19.<\/p>\n<\/div><div class=\"sdm_download_link\"><span class=\"sdm_download_button\"><a href=\"http:\/\/www.arroiodotigre.rs.gov.br\/site\/?sdm_process_download=1&download_id=1305\" class=\"sdm_download green\" title=\"Decreto Municipal n\u00ba 3.252\/2020\" target=\"_self\">Baixar agora!<\/a><\/span><span class=\"sdm_download_item_count\"><span class=\"sdm_item_count_number\">607<\/span><span class=\"sdm_item_count_string\"> Downloads<\/span><\/span><\/div><\/div><div class=\"sdm_download_item \"><div class=\"sdm_download_item_top\"><div class=\"sdm_download_thumbnail\"><\/div><div class=\"sdm_download_title\">Decreto Municipal n\u00ba 3.251\/2020<\/div><\/div><div style=\"clear:both;\"><\/div><div class=\"sdm_download_description\"><p>DECRETA A ABERTURA DE CR\u00c9DITO SUPLEMENTAR NO MONTANTE DE R$ 315.298,14 (TREZENTOS E QUINZE MIL, DUZENTOS E NOVENTA E OITO REAIS E QUATORZE CENTAVOS).<\/p>\n<\/div><div class=\"sdm_download_link\"><span class=\"sdm_download_button\"><a href=\"http:\/\/www.arroiodotigre.rs.gov.br\/site\/?sdm_process_download=1&download_id=1300\" class=\"sdm_download green\" title=\"Decreto Municipal n\u00ba 3.251\/2020\" target=\"_self\">Baixar agora!<\/a><\/span><span class=\"sdm_download_item_count\"><span class=\"sdm_item_count_number\">563<\/span><span class=\"sdm_item_count_string\"> Downloads<\/span><\/span><\/div><\/div><div class=\"sdm_download_item \"><div class=\"sdm_download_item_top\"><div class=\"sdm_download_thumbnail\"><\/div><div class=\"sdm_download_title\">Decreto Municipal n\u00ba 3.250\/2020<\/div><\/div><div style=\"clear:both;\"><\/div><div class=\"sdm_download_description\"><p>DISP\u00d5E SOBRE MEDIDAS TEMPOR\u00c1RIAS DE RESTRI\u00c7\u00c3O DE ATIVIDADES EM RAZ\u00c3O DA COVID-19 E D\u00c1 OUTRAS PROVID\u00caNCIAS.<\/p>\n<\/div><div class=\"sdm_download_link\"><span class=\"sdm_download_button\"><a href=\"http:\/\/www.arroiodotigre.rs.gov.br\/site\/?sdm_process_download=1&download_id=1295\" class=\"sdm_download green\" title=\"Decreto Municipal n\u00ba 3.250\/2020\" target=\"_self\">Baixar agora!<\/a><\/span><span class=\"sdm_download_item_count\"><span class=\"sdm_item_count_number\">541<\/span><span class=\"sdm_item_count_string\"> Downloads<\/span><\/span><\/div><\/div><div class=\"sdm_download_item \"><div class=\"sdm_download_item_top\"><div class=\"sdm_download_thumbnail\"><\/div><div class=\"sdm_download_title\">Decreto Municipal n\u00ba 3.249\/2020<\/div><\/div><div style=\"clear:both;\"><\/div><div class=\"sdm_download_description\"><p>ABRE CR\u00c9DITO EXTRAORDIN\u00c1RIO AO OR\u00c7AMENTO DO EXERC\u00cdCIO DE 2020.<\/p>\n<\/div><div class=\"sdm_download_link\"><span class=\"sdm_download_button\"><a href=\"http:\/\/www.arroiodotigre.rs.gov.br\/site\/?sdm_process_download=1&download_id=1292\" class=\"sdm_download green\" title=\"Decreto Municipal n\u00ba 3.249\/2020\" target=\"_self\">Baixar agora!<\/a><\/span><span class=\"sdm_download_item_count\"><span class=\"sdm_item_count_number\">543<\/span><span class=\"sdm_item_count_string\"> Downloads<\/span><\/span><\/div><\/div><div class=\"sdm_download_item \"><div class=\"sdm_download_item_top\"><div class=\"sdm_download_thumbnail\"><\/div><div class=\"sdm_download_title\">Decreto Municipal n\u00ba 3.248\/2020<\/div><\/div><div style=\"clear:both;\"><\/div><div class=\"sdm_download_description\"><p>DECRETA A ABERTURA DE CR\u00c9DITO SUPLEMENTAR NO MONTANTE DE R$ 244.789,92 (DUZENTOS E QUARENTA E QUATRO MIL, SETECENTOS E OITENTA E NOVE REAIS E NOVENTA E DOIS CENTAVOS).<\/p>\n<\/div><div class=\"sdm_download_link\"><span class=\"sdm_download_button\"><a href=\"http:\/\/www.arroiodotigre.rs.gov.br\/site\/?sdm_process_download=1&download_id=1289\" class=\"sdm_download green\" title=\"Decreto Municipal n\u00ba 3.248\/2020\" target=\"_self\">Baixar agora!<\/a><\/span><span class=\"sdm_download_item_count\"><span class=\"sdm_item_count_number\">834<\/span><span class=\"sdm_item_count_string\"> Downloads<\/span><\/span><\/div><\/div><div class=\"sdm_download_item \"><div class=\"sdm_download_item_top\"><div class=\"sdm_download_thumbnail\"><\/div><div class=\"sdm_download_title\">Decreto Municipal n\u00ba 3.247\/2020<\/div><\/div><div style=\"clear:both;\"><\/div><div class=\"sdm_download_description\"><p>DISP\u00d5E SOBRE A FIXA\u00c7\u00c3O DE CRIT\u00c9RIOS PARA A PUBLICIDADE DOS ATOS E PROGRAMAS OFICIAIS, NO PER\u00cdODO ELEITORAL<\/p>\n<\/div><div class=\"sdm_download_link\"><span class=\"sdm_download_button\"><a href=\"http:\/\/www.arroiodotigre.rs.gov.br\/site\/?sdm_process_download=1&download_id=1286\" class=\"sdm_download green\" title=\"Decreto Municipal n\u00ba 3.247\/2020\" target=\"_self\">Baixar agora!<\/a><\/span><span class=\"sdm_download_item_count\"><span class=\"sdm_item_count_number\">557<\/span><span class=\"sdm_item_count_string\"> Downloads<\/span><\/span><\/div><\/div><div class=\"sdm_download_item \"><div class=\"sdm_download_item_top\"><div class=\"sdm_download_thumbnail\"><\/div><div class=\"sdm_download_title\">Decreto Municipal n\u00ba 3.246\/2020<\/div><\/div><div style=\"clear:both;\"><\/div><div class=\"sdm_download_description\"><p>ABRE CR\u00c9DITO EXTRAORDIN\u00c1RIO AO OR\u00c7AMENTO DO EXERC\u00cdCIO DE 2020.<\/p>\n<\/div><div class=\"sdm_download_link\"><span class=\"sdm_download_button\"><a href=\"http:\/\/www.arroiodotigre.rs.gov.br\/site\/?sdm_process_download=1&download_id=1282\" class=\"sdm_download green\" title=\"Decreto Municipal n\u00ba 3.246\/2020\" target=\"_self\">Baixar agora!<\/a><\/span><span class=\"sdm_download_item_count\"><span class=\"sdm_item_count_number\">552<\/span><span class=\"sdm_item_count_string\"> Downloads<\/span><\/span><\/div><\/div><div class=\"sdm_download_item \"><div class=\"sdm_download_item_top\"><div class=\"sdm_download_thumbnail\"><\/div><div class=\"sdm_download_title\">Decreto Municipal n\u00ba 3.245\/2020<\/div><\/div><div style=\"clear:both;\"><\/div><div class=\"sdm_download_description\"><p>ABRE CR\u00c9DITO EXTRAORDIN\u00c1RIO AO OR\u00c7AMENTO DO EXERC\u00cdCIO DE 2020.<\/p>\n<\/div><div class=\"sdm_download_link\"><span class=\"sdm_download_button\"><a href=\"http:\/\/www.arroiodotigre.rs.gov.br\/site\/?sdm_process_download=1&download_id=1279\" class=\"sdm_download green\" title=\"Decreto Municipal n\u00ba 3.245\/2020\" target=\"_self\">Baixar agora!<\/a><\/span><span class=\"sdm_download_item_count\"><span class=\"sdm_item_count_number\">622<\/span><span class=\"sdm_item_count_string\"> Downloads<\/span><\/span><\/div><\/div><div class=\"sdm_download_item \"><div class=\"sdm_download_item_top\"><div class=\"sdm_download_thumbnail\"><\/div><div class=\"sdm_download_title\">Decreto Municipal n\u00ba 3.244\/2020<\/div><\/div><div style=\"clear:both;\"><\/div><div class=\"sdm_download_description\"><p>ABRE CR\u00c9DITO EXTRAORDIN\u00c1RIO AO OR\u00c7AMENTO DO EXERC\u00cdCIO DE 2020.<\/p>\n<\/div><div class=\"sdm_download_link\"><span class=\"sdm_download_button\"><a href=\"http:\/\/www.arroiodotigre.rs.gov.br\/site\/?sdm_process_download=1&download_id=1275\" class=\"sdm_download green\" title=\"Decreto Municipal n\u00ba 3.244\/2020\" target=\"_self\">Baixar agora!<\/a><\/span><span class=\"sdm_download_item_count\"><span class=\"sdm_item_count_number\">1725<\/span><span class=\"sdm_item_count_string\"> Downloads<\/span><\/span><\/div><\/div><div class=\"sdm_download_item \"><div class=\"sdm_download_item_top\"><div class=\"sdm_download_thumbnail\"><\/div><div class=\"sdm_download_title\">Decreto Municipal n\u00ba 3.243\/2020<\/div><\/div><div style=\"clear:both;\"><\/div><div class=\"sdm_download_description\"><p>ABRE CR\u00c9DITO EXTRAORDIN\u00c1RIO AO OR\u00c7AMENTO DO EXERC\u00cdCIO DE 2020.<\/p>\n<\/div><div class=\"sdm_download_link\"><span class=\"sdm_download_button\"><a href=\"http:\/\/www.arroiodotigre.rs.gov.br\/site\/?sdm_process_download=1&download_id=1272\" class=\"sdm_download green\" title=\"Decreto Municipal n\u00ba 3.243\/2020\" target=\"_self\">Baixar agora!<\/a><\/span><span class=\"sdm_download_item_count\"><span class=\"sdm_item_count_number\">1408<\/span><span class=\"sdm_item_count_string\"> Downloads<\/span><\/span><\/div><\/div><div class=\"sdm_clear_float\"><\/div><div class=\"sdm_pagination\"><span aria-current=\"page\" class=\"page-numbers current\">1<\/span>\n<a class=\"page-numbers\" href=\"http:\/\/www.arroiodotigre.rs.gov.br\/site\/wp-json\/wp\/v2\/pages\/1923\/page\/2\/\">2<\/a>\n<a class=\"page-numbers\" href=\"http:\/\/www.arroiodotigre.rs.gov.br\/site\/wp-json\/wp\/v2\/pages\/1923\/page\/3\/\">3<\/a>\n<span class=\"page-numbers dots\">&hellip;<\/span>\n<a class=\"page-numbers\" href=\"http:\/\/www.arroiodotigre.rs.gov.br\/site\/wp-json\/wp\/v2\/pages\/1923\/page\/8\/\">8<\/a>\n<a class=\"next page-numbers\" href=\"http:\/\/www.arroiodotigre.rs.gov.br\/site\/wp-json\/wp\/v2\/pages\/1923\/page\/2\/\">&raquo;<\/a><\/div>\n\n\n\n<p><\/p>\n","protected":false},"excerpt":{"rendered":"","protected":false},"author":1,"featured_media":0,"parent":0,"menu_order":0,"comment_status":"closed","ping_status":"closed","template":"","meta":{"footnotes":""},"class_list":["post-1923","page","type-page","status-publish","hentry","entry"],"_links":{"self":[{"href":"http:\/\/www.arroiodotigre.rs.gov.br\/site\/wp-json\/wp\/v2\/pages\/1923","targetHints":{"allow":["GET"]}}],"collection":[{"href":"http:\/\/www.arroiodotigre.rs.gov.br\/site\/wp-json\/wp\/v2\/pages"}],"about":[{"href":"http:\/\/www.arroiodotigre.rs.gov.br\/site\/wp-json\/wp\/v2\/types\/page"}],"author":[{"embeddable":true,"href":"http:\/\/www.arroiodotigre.rs.gov.br\/site\/wp-json\/wp\/v2\/users\/1"}],"replies":[{"embeddable":true,"href":"http:\/\/www.arroiodotigre.rs.gov.br\/site\/wp-json\/wp\/v2\/comments?post=1923"}],"version-history":[{"count":6,"href":"http:\/\/www.arroiodotigre.rs.gov.br\/site\/wp-json\/wp\/v2\/pages\/1923\/revisions"}],"predecessor-version":[{"id":1943,"href":"http:\/\/www.arroiodotigre.rs.gov.br\/site\/wp-json\/wp\/v2\/pages\/1923\/revisions\/1943"}],"wp:attachment":[{"href":"http:\/\/www.arroiodotigre.rs.gov.br\/site\/wp-json\/wp\/v2\/media?parent=1923"}],"curies":[{"name":"wp","href":"https:\/\/api.w.org\/{rel}","templated":true}]}}