{"id":16040,"date":"2026-01-06T13:35:01","date_gmt":"2026-01-06T16:35:01","guid":{"rendered":"http:\/\/www.arroiodotigre.rs.gov.br\/site\/?page_id=16040"},"modified":"2026-01-06T13:35:24","modified_gmt":"2026-01-06T16:35:24","slug":"portarias-2026","status":"publish","type":"page","link":"http:\/\/www.arroiodotigre.rs.gov.br\/site\/portarias-2026\/","title":{"rendered":"Portarias 2026"},"content":{"rendered":"\t\t<div data-elementor-type=\"wp-page\" data-elementor-id=\"16040\" class=\"elementor elementor-16040\" data-elementor-post-type=\"page\">\n\t\t\t\t\t\t<div class=\"elementor-inner\">\n\t\t\t\t<div class=\"elementor-section-wrap\">\n\t\t\t\t\t\t\t\t\t<section class=\"elementor-section elementor-top-section elementor-element elementor-element-f62854e elementor-section-boxed elementor-section-height-default elementor-section-height-default\" data-id=\"f62854e\" data-element_type=\"section\">\n\t\t\t\t\t\t<div class=\"elementor-container elementor-column-gap-default\">\n\t\t\t\t\t\t\t<div class=\"elementor-row\">\n\t\t\t\t\t<div class=\"elementor-column elementor-col-100 elementor-top-column elementor-element elementor-element-fe60254\" data-id=\"fe60254\" data-element_type=\"column\">\n\t\t\t<div class=\"elementor-column-wrap elementor-element-populated\">\n\t\t\t\t\t\t\t<div class=\"elementor-widget-wrap\">\n\t\t\t\t\t\t<div class=\"elementor-element elementor-element-369f048 elementor-widget elementor-widget-shortcode\" data-id=\"369f048\" data-element_type=\"widget\" data-widget_type=\"shortcode.default\">\n\t\t\t\t<div class=\"elementor-widget-container\">\n\t\t\t\t\t<div class=\"elementor-shortcode\"><div class=\"sdm_download_item \"><div class=\"sdm_download_item_top\"><div class=\"sdm_download_thumbnail\"><\/div><div class=\"sdm_download_title\">PORTARIA N\u00ba 452\/2026<\/div><\/div><div style=\"clear:both;\"><\/div><div class=\"sdm_download_description\"><p>INSTITUI A COMISS\u00c3O GESTORA MUNICIPAL RESPONS\u00c1VEL PELA COORDENA\u00c7\u00c3O DOS TRABALHOS DE ELABORA\u00c7\u00c3O DO PLANO<br \/>\nMUNICIPAL DE EDUCA\u00c7\u00c3O, E D\u00c1 OUTRAS PROVID\u00caNCIAS.<\/p>\n<\/div><div class=\"sdm_download_link\"><span class=\"sdm_download_button\"><a href=\"http:\/\/www.arroiodotigre.rs.gov.br\/site\/?sdm_process_download=1&download_id=17286\" class=\"sdm_download green\" title=\"PORTARIA N\u00ba 452\/2026\" target=\"_blank\">Baixar agora!<\/a><\/span><span class=\"sdm_download_item_count\"><span class=\"sdm_item_count_number\">14<\/span><span class=\"sdm_item_count_string\"> Downloads<\/span><\/span><\/div><\/div><div class=\"sdm_download_item \"><div class=\"sdm_download_item_top\"><div class=\"sdm_download_thumbnail\"><\/div><div class=\"sdm_download_title\">PORTARIA N\u00ba 451\/2026<\/div><\/div><div style=\"clear:both;\"><\/div><div class=\"sdm_download_description\"><p>DETERMINA A APLICA\u00c7\u00c3O DE PENALIDADE ADMINISTRATIVA DISCIPLINAR AO SERVIDOR LUCIANO JOS\u00c9 CERENTINI, ARQUITETO, NOS TERMOS DO PROCESSO ADMINISTRATIVO DISCIPLINAR INSTAURADO PELA PORTARIA N\u00ba 768\/2023.<\/p>\n<\/div><div class=\"sdm_download_link\"><span class=\"sdm_download_button\"><a href=\"http:\/\/www.arroiodotigre.rs.gov.br\/site\/?sdm_process_download=1&download_id=17284\" class=\"sdm_download green\" title=\"PORTARIA N\u00ba 451\/2026\" target=\"_blank\">Baixar agora!<\/a><\/span><span class=\"sdm_download_item_count\"><span class=\"sdm_item_count_number\">16<\/span><span class=\"sdm_item_count_string\"> Downloads<\/span><\/span><\/div><\/div><div class=\"sdm_download_item \"><div class=\"sdm_download_item_top\"><div class=\"sdm_download_thumbnail\"><\/div><div class=\"sdm_download_title\">PORTARIA N\u00ba 450\/2026<\/div><\/div><div style=\"clear:both;\"><\/div><div class=\"sdm_download_description\"><p>CONCEDE F\u00c9RIAS A SERVIDORA MUNICIPAL.<\/p>\n<\/div><div class=\"sdm_download_link\"><span class=\"sdm_download_button\"><a href=\"http:\/\/www.arroiodotigre.rs.gov.br\/site\/?sdm_process_download=1&download_id=17282\" class=\"sdm_download green\" title=\"PORTARIA N\u00ba 450\/2026\" target=\"_blank\">Baixar agora!<\/a><\/span><span class=\"sdm_download_item_count\"><span class=\"sdm_item_count_number\">9<\/span><span class=\"sdm_item_count_string\"> Downloads<\/span><\/span><\/div><\/div><div class=\"sdm_download_item \"><div class=\"sdm_download_item_top\"><div class=\"sdm_download_thumbnail\"><\/div><div class=\"sdm_download_title\">PORTARIA N\u00ba 449\/2026<\/div><\/div><div style=\"clear:both;\"><\/div><div class=\"sdm_download_description\"><p>CONCEDE F\u00c9RIAS A SERVIDORA MUNICIPAL.<\/p>\n<\/div><div class=\"sdm_download_link\"><span class=\"sdm_download_button\"><a href=\"http:\/\/www.arroiodotigre.rs.gov.br\/site\/?sdm_process_download=1&download_id=17279\" class=\"sdm_download green\" title=\"PORTARIA N\u00ba 449\/2026\" target=\"_blank\">Baixar agora!<\/a><\/span><span class=\"sdm_download_item_count\"><span class=\"sdm_item_count_number\">6<\/span><span class=\"sdm_item_count_string\"> Downloads<\/span><\/span><\/div><\/div><div class=\"sdm_download_item \"><div class=\"sdm_download_item_top\"><div class=\"sdm_download_thumbnail\"><\/div><div class=\"sdm_download_title\">PORTARIA N\u00ba 448\/2026<\/div><\/div><div style=\"clear:both;\"><\/div><div class=\"sdm_download_description\"><p>CONCEDE F\u00c9RIAS AO SERVIDOR MUNICIPAL.<\/p>\n<\/div><div class=\"sdm_download_link\"><span class=\"sdm_download_button\"><a href=\"http:\/\/www.arroiodotigre.rs.gov.br\/site\/?sdm_process_download=1&download_id=17277\" class=\"sdm_download green\" title=\"PORTARIA N\u00ba 448\/2026\" target=\"_blank\">Baixar agora!<\/a><\/span><span class=\"sdm_download_item_count\"><span class=\"sdm_item_count_number\">7<\/span><span class=\"sdm_item_count_string\"> Downloads<\/span><\/span><\/div><\/div><div class=\"sdm_download_item \"><div class=\"sdm_download_item_top\"><div class=\"sdm_download_thumbnail\"><\/div><div class=\"sdm_download_title\">PORTARIA N\u00ba 447\/2026<\/div><\/div><div style=\"clear:both;\"><\/div><div class=\"sdm_download_description\"><p>CONCEDE F\u00c9RIAS A SERVIDORA MUNICIPAL.<\/p>\n<\/div><div class=\"sdm_download_link\"><span class=\"sdm_download_button\"><a href=\"http:\/\/www.arroiodotigre.rs.gov.br\/site\/?sdm_process_download=1&download_id=17275\" class=\"sdm_download green\" title=\"PORTARIA N\u00ba 447\/2026\" target=\"_blank\">Baixar agora!<\/a><\/span><span class=\"sdm_download_item_count\"><span class=\"sdm_item_count_number\">7<\/span><span class=\"sdm_item_count_string\"> Downloads<\/span><\/span><\/div><\/div><div class=\"sdm_download_item \"><div class=\"sdm_download_item_top\"><div class=\"sdm_download_thumbnail\"><\/div><div class=\"sdm_download_title\">PORTARIA N\u00ba 446\/2026<\/div><\/div><div style=\"clear:both;\"><\/div><div class=\"sdm_download_description\"><p>CONCEDE LICEN\u00c7A LUTO A SERVIDORA.<\/p>\n<\/div><div class=\"sdm_download_link\"><span class=\"sdm_download_button\"><a href=\"http:\/\/www.arroiodotigre.rs.gov.br\/site\/?sdm_process_download=1&download_id=17273\" class=\"sdm_download green\" title=\"PORTARIA N\u00ba 446\/2026\" target=\"_blank\">Baixar agora!<\/a><\/span><span class=\"sdm_download_item_count\"><span class=\"sdm_item_count_number\">3<\/span><span class=\"sdm_item_count_string\"> Downloads<\/span><\/span><\/div><\/div><div class=\"sdm_download_item \"><div class=\"sdm_download_item_top\"><div class=\"sdm_download_thumbnail\"><\/div><div class=\"sdm_download_title\">PORTARIA N\u00ba 445\/2026<\/div><\/div><div style=\"clear:both;\"><\/div><div class=\"sdm_download_description\"><p>CONCEDE LICEN\u00c7A PR\u00caMIO POR ASSIDUIDADE, CONFORME ESPECIFICA.<\/p>\n<\/div><div class=\"sdm_download_link\"><span class=\"sdm_download_button\"><a href=\"http:\/\/www.arroiodotigre.rs.gov.br\/site\/?sdm_process_download=1&download_id=17271\" class=\"sdm_download green\" title=\"PORTARIA N\u00ba 445\/2026\" target=\"_blank\">Baixar agora!<\/a><\/span><span class=\"sdm_download_item_count\"><span class=\"sdm_item_count_number\">8<\/span><span class=\"sdm_item_count_string\"> Downloads<\/span><\/span><\/div><\/div><div class=\"sdm_download_item \"><div class=\"sdm_download_item_top\"><div class=\"sdm_download_thumbnail\"><\/div><div class=\"sdm_download_title\">PORTARIA N\u00ba 444\/2026<\/div><\/div><div style=\"clear:both;\"><\/div><div class=\"sdm_download_description\"><p>CONCEDE LICEN\u00c7A PR\u00caMIO POR ASSIDUIDADE, CONFORME ESPECIFICA.<\/p>\n<\/div><div class=\"sdm_download_link\"><span class=\"sdm_download_button\"><a href=\"http:\/\/www.arroiodotigre.rs.gov.br\/site\/?sdm_process_download=1&download_id=17269\" class=\"sdm_download green\" title=\"PORTARIA N\u00ba 444\/2026\" target=\"_blank\">Baixar agora!<\/a><\/span><span class=\"sdm_download_item_count\"><span class=\"sdm_item_count_number\">7<\/span><span class=\"sdm_item_count_string\"> Downloads<\/span><\/span><\/div><\/div><div class=\"sdm_download_item \"><div class=\"sdm_download_item_top\"><div class=\"sdm_download_thumbnail\"><\/div><div class=\"sdm_download_title\">PORTARIA N\u00ba 443\/2026<\/div><\/div><div style=\"clear:both;\"><\/div><div class=\"sdm_download_description\"><p>CONCEDE LICEN\u00c7A PR\u00caMIO POR ASSIDUIDADE, CONFORME ESPECIFICA<\/p>\n<\/div><div class=\"sdm_download_link\"><span class=\"sdm_download_button\"><a href=\"http:\/\/www.arroiodotigre.rs.gov.br\/site\/?sdm_process_download=1&download_id=17267\" class=\"sdm_download green\" title=\"PORTARIA N\u00ba 443\/2026\" target=\"_blank\">Baixar agora!<\/a><\/span><span class=\"sdm_download_item_count\"><span class=\"sdm_item_count_number\">7<\/span><span class=\"sdm_item_count_string\"> Downloads<\/span><\/span><\/div><\/div><div class=\"sdm_clear_float\"><\/div><div class=\"sdm_pagination\"><span aria-current=\"page\" class=\"page-numbers current\">1<\/span>\n<a class=\"page-numbers\" href=\"http:\/\/www.arroiodotigre.rs.gov.br\/site\/wp-json\/wp\/v2\/pages\/16040\/page\/2\/\">2<\/a>\n<a class=\"page-numbers\" href=\"http:\/\/www.arroiodotigre.rs.gov.br\/site\/wp-json\/wp\/v2\/pages\/16040\/page\/3\/\">3<\/a>\n<span class=\"page-numbers dots\">&hellip;<\/span>\n<a class=\"page-numbers\" href=\"http:\/\/www.arroiodotigre.rs.gov.br\/site\/wp-json\/wp\/v2\/pages\/16040\/page\/45\/\">45<\/a>\n<a class=\"next page-numbers\" href=\"http:\/\/www.arroiodotigre.rs.gov.br\/site\/wp-json\/wp\/v2\/pages\/16040\/page\/2\/\">&raquo;<\/a><\/div><\/div>\n\t\t\t\t<\/div>\n\t\t\t\t<\/div>\n\t\t\t\t\t\t<\/div>\n\t\t\t\t\t<\/div>\n\t\t<\/div>\n\t\t\t\t\t\t\t\t<\/div>\n\t\t\t\t\t<\/div>\n\t\t<\/section>\n\t\t\t\t\t\t\t\t\t<\/div>\n\t\t\t<\/div>\n\t\t\t\t\t<\/div>\n\t\t","protected":false},"excerpt":{"rendered":"","protected":false},"author":2,"featured_media":0,"parent":0,"menu_order":0,"comment_status":"closed","ping_status":"closed","template":"","meta":{"footnotes":""},"class_list":["post-16040","page","type-page","status-publish","hentry","entry"],"_links":{"self":[{"href":"http:\/\/www.arroiodotigre.rs.gov.br\/site\/wp-json\/wp\/v2\/pages\/16040","targetHints":{"allow":["GET"]}}],"collection":[{"href":"http:\/\/www.arroiodotigre.rs.gov.br\/site\/wp-json\/wp\/v2\/pages"}],"about":[{"href":"http:\/\/www.arroiodotigre.rs.gov.br\/site\/wp-json\/wp\/v2\/types\/page"}],"author":[{"embeddable":true,"href":"http:\/\/www.arroiodotigre.rs.gov.br\/site\/wp-json\/wp\/v2\/users\/2"}],"replies":[{"embeddable":true,"href":"http:\/\/www.arroiodotigre.rs.gov.br\/site\/wp-json\/wp\/v2\/comments?post=16040"}],"version-history":[{"count":4,"href":"http:\/\/www.arroiodotigre.rs.gov.br\/site\/wp-json\/wp\/v2\/pages\/16040\/revisions"}],"predecessor-version":[{"id":16044,"href":"http:\/\/www.arroiodotigre.rs.gov.br\/site\/wp-json\/wp\/v2\/pages\/16040\/revisions\/16044"}],"wp:attachment":[{"href":"http:\/\/www.arroiodotigre.rs.gov.br\/site\/wp-json\/wp\/v2\/media?parent=16040"}],"curies":[{"name":"wp","href":"https:\/\/api.w.org\/{rel}","templated":true}]}}