{"id":16034,"date":"2026-01-06T13:33:04","date_gmt":"2026-01-06T16:33:04","guid":{"rendered":"http:\/\/www.arroiodotigre.rs.gov.br\/site\/?page_id=16034"},"modified":"2026-01-06T13:33:39","modified_gmt":"2026-01-06T16:33:39","slug":"decretos-2026","status":"publish","type":"page","link":"http:\/\/www.arroiodotigre.rs.gov.br\/site\/decretos-2026\/","title":{"rendered":"Decretos 2026"},"content":{"rendered":"\t\t<div data-elementor-type=\"wp-page\" data-elementor-id=\"16034\" class=\"elementor elementor-16034\" data-elementor-post-type=\"page\">\n\t\t\t\t\t\t<div class=\"elementor-inner\">\n\t\t\t\t<div class=\"elementor-section-wrap\">\n\t\t\t\t\t\t\t\t\t<section class=\"elementor-section elementor-top-section elementor-element elementor-element-eff9974 elementor-section-boxed elementor-section-height-default elementor-section-height-default\" data-id=\"eff9974\" data-element_type=\"section\">\n\t\t\t\t\t\t<div class=\"elementor-container elementor-column-gap-default\">\n\t\t\t\t\t\t\t<div class=\"elementor-row\">\n\t\t\t\t\t<div class=\"elementor-column elementor-col-100 elementor-top-column elementor-element elementor-element-b9d0f39\" data-id=\"b9d0f39\" data-element_type=\"column\">\n\t\t\t<div class=\"elementor-column-wrap elementor-element-populated\">\n\t\t\t\t\t\t\t<div class=\"elementor-widget-wrap\">\n\t\t\t\t\t\t<div class=\"elementor-element elementor-element-9266558 elementor-widget elementor-widget-shortcode\" data-id=\"9266558\" data-element_type=\"widget\" data-widget_type=\"shortcode.default\">\n\t\t\t\t<div class=\"elementor-widget-container\">\n\t\t\t\t\t<div class=\"elementor-shortcode\"><div class=\"sdm_download_item \"><div class=\"sdm_download_item_top\"><div class=\"sdm_download_thumbnail\"><\/div><div class=\"sdm_download_title\">DECRETO N.\u00ba 3.811\/2026<\/div><\/div><div style=\"clear:both;\"><\/div><div class=\"sdm_download_description\"><p>INSTITUI A EQUIPE MULTIDISCIPLINAR DE AVALIA\u00c7\u00c3O EDUCACIONAL ESPECIALIZADA NO \u00c2MBITO DO MUNIC\u00cdPIO DE ARROIO DO TIGRE\/RS.<\/p>\n<\/div><div class=\"sdm_download_link\"><span class=\"sdm_download_button\"><a href=\"http:\/\/www.arroiodotigre.rs.gov.br\/site\/?sdm_process_download=1&download_id=17457\" class=\"sdm_download green\" title=\"DECRETO N.\u00ba 3.811\/2026\" target=\"_blank\">Baixar agora!<\/a><\/span><span class=\"sdm_download_item_count\"><span class=\"sdm_item_count_number\">0<\/span><span class=\"sdm_item_count_string\"> Downloads<\/span><\/span><\/div><\/div><div class=\"sdm_download_item \"><div class=\"sdm_download_item_top\"><div class=\"sdm_download_thumbnail\"><\/div><div class=\"sdm_download_title\">DECRETO N.\u00ba 3.810\/2026<\/div><\/div><div style=\"clear:both;\"><\/div><div class=\"sdm_download_description\"><p>DECRETA A INCLUS\u00c3O NO PLANO PLURIANUAL, NA LEI DE DIRETRIZES OR\u00c7AMENTARIAS E ABRIR CR\u00c9DITO ESPECIAL NO MONTANTE DE R$200.000,00 (DUZENTOS MIL REAIS).<\/p>\n<\/div><div class=\"sdm_download_link\"><span class=\"sdm_download_button\"><a href=\"http:\/\/www.arroiodotigre.rs.gov.br\/site\/?sdm_process_download=1&download_id=17455\" class=\"sdm_download green\" title=\"DECRETO N.\u00ba 3.810\/2026\" target=\"_blank\">Baixar agora!<\/a><\/span><span class=\"sdm_download_item_count\"><span class=\"sdm_item_count_number\">2<\/span><span class=\"sdm_item_count_string\"> Downloads<\/span><\/span><\/div><\/div><div class=\"sdm_download_item \"><div class=\"sdm_download_item_top\"><div class=\"sdm_download_thumbnail\"><\/div><div class=\"sdm_download_title\">DECRETO N.\u00ba 3.809\/2026<\/div><\/div><div style=\"clear:both;\"><\/div><div class=\"sdm_download_description\"><p>DECRETA A INCLUS\u00c3O NO PLANO PLURIANUAL, NA LEI DE DIRETRIZES OR\u00c7AMENTARIAS E ABRIR CR\u00c9DITO ESPECIAL NO MONTANTE DE R$100.000,00 (CEM MIL REAIS).<\/p>\n<\/div><div class=\"sdm_download_link\"><span class=\"sdm_download_button\"><a href=\"http:\/\/www.arroiodotigre.rs.gov.br\/site\/?sdm_process_download=1&download_id=17453\" class=\"sdm_download green\" title=\"DECRETO N.\u00ba 3.809\/2026\" target=\"_blank\">Baixar agora!<\/a><\/span><span class=\"sdm_download_item_count\"><span class=\"sdm_item_count_number\">1<\/span><span class=\"sdm_item_count_string\"> Download<\/span><\/span><\/div><\/div><div class=\"sdm_download_item \"><div class=\"sdm_download_item_top\"><div class=\"sdm_download_thumbnail\"><\/div><div class=\"sdm_download_title\">DECRETO N.\u00ba 3.808\/2026<\/div><\/div><div style=\"clear:both;\"><\/div><div class=\"sdm_download_description\"><p>FIXA O VALOR DA MULTA ADMINISTRATIVA APLIC\u00c1VEL AO DESCUMPRIMENTO DE ORDEM DE PARALISA\u00c7\u00c3O DE OBRA NO \u00c2MBITO DO MUNIC\u00cdPIO DE ARROIO DO TIGRE\/RS, E D\u00c1 OUTRAS PROVID\u00caNCIAS.<\/p>\n<\/div><div class=\"sdm_download_link\"><span class=\"sdm_download_button\"><a href=\"http:\/\/www.arroiodotigre.rs.gov.br\/site\/?sdm_process_download=1&download_id=17451\" class=\"sdm_download green\" title=\"DECRETO N.\u00ba 3.808\/2026\" target=\"_blank\">Baixar agora!<\/a><\/span><span class=\"sdm_download_item_count\"><span class=\"sdm_item_count_number\">2<\/span><span class=\"sdm_item_count_string\"> Downloads<\/span><\/span><\/div><\/div><div class=\"sdm_download_item \"><div class=\"sdm_download_item_top\"><div class=\"sdm_download_thumbnail\"><\/div><div class=\"sdm_download_title\">DECRETO N.\u00ba 3.807\/2026<\/div><\/div><div style=\"clear:both;\"><\/div><div class=\"sdm_download_description\"><p>APROVA O \u201cMANUAL DO PATRIM\u00d4NIO\u201d DA PREFEITURA MUNICIPAL DE ARROIO DO TIGRE &#8211; RS, E DETERMINA O CUMPRIMENTO DE SUAS NORMAS E PROCEDIMENTOS.<\/p>\n<\/div><div class=\"sdm_download_link\"><span class=\"sdm_download_button\"><a href=\"http:\/\/www.arroiodotigre.rs.gov.br\/site\/?sdm_process_download=1&download_id=17407\" class=\"sdm_download green\" title=\"DECRETO N.\u00ba 3.807\/2026\" target=\"_blank\">Baixar agora!<\/a><\/span><span class=\"sdm_download_item_count\"><span class=\"sdm_item_count_number\">30<\/span><span class=\"sdm_item_count_string\"> Downloads<\/span><\/span><\/div><\/div><div class=\"sdm_download_item \"><div class=\"sdm_download_item_top\"><div class=\"sdm_download_thumbnail\"><\/div><div class=\"sdm_download_title\">DECRETO N.\u00ba 3.806\/2026<\/div><\/div><div style=\"clear:both;\"><\/div><div class=\"sdm_download_description\"><p>DECRETA A INCLUS\u00c3O NO PLANO PLURIANUAL, NA LEI DE DIRETRIZES OR\u00c7AMENTARIAS E ABRIR CR\u00c9DITO ESPECIAL NO MONTANTE DE R$ 499.000,00 (QUATROCENTOS E NOVENTA E NOVE MIL REAIS).<\/p>\n<\/div><div class=\"sdm_download_link\"><span class=\"sdm_download_button\"><a href=\"http:\/\/www.arroiodotigre.rs.gov.br\/site\/?sdm_process_download=1&download_id=17405\" class=\"sdm_download green\" title=\"DECRETO N.\u00ba 3.806\/2026\" target=\"_blank\">Baixar agora!<\/a><\/span><span class=\"sdm_download_item_count\"><span class=\"sdm_item_count_number\">12<\/span><span class=\"sdm_item_count_string\"> Downloads<\/span><\/span><\/div><\/div><div class=\"sdm_download_item \"><div class=\"sdm_download_item_top\"><div class=\"sdm_download_thumbnail\"><\/div><div class=\"sdm_download_title\">DECRETO N.\u00ba 3.805\/2026<\/div><\/div><div style=\"clear:both;\"><\/div><div class=\"sdm_download_description\"><p>DECRETA A INCLUS\u00c3O NO PLANO PLURIANUAL, NA LEI DE DIRETRIZES OR\u00c7AMENTARIAS E ABRIR CR\u00c9DITO ESPECIAL NO MONTANTE DE R$ 218.327,05 (DUZENTOS E DEZOITO MIL TREZENTOS E VINTE E SETE REAIS E CINCO CENTAVOS).<\/p>\n<\/div><div class=\"sdm_download_link\"><span class=\"sdm_download_button\"><a href=\"http:\/\/www.arroiodotigre.rs.gov.br\/site\/?sdm_process_download=1&download_id=17403\" class=\"sdm_download green\" title=\"DECRETO N.\u00ba 3.805\/2026\" target=\"_blank\">Baixar agora!<\/a><\/span><span class=\"sdm_download_item_count\"><span class=\"sdm_item_count_number\">12<\/span><span class=\"sdm_item_count_string\"> Downloads<\/span><\/span><\/div><\/div><div class=\"sdm_download_item \"><div class=\"sdm_download_item_top\"><div class=\"sdm_download_thumbnail\"><\/div><div class=\"sdm_download_title\">DECRETO N.\u00ba 3.804\/2026<\/div><\/div><div style=\"clear:both;\"><\/div><div class=\"sdm_download_description\"><p>DECRETA A INCLUS\u00c3O NO PLANO PLURIANUAL, NA LEI DE DIRETRIZES OR\u00c7AMENTARIAS E ABRIR CR\u00c9DITO ESPECIAL NO MONTANTE DE R$18.214,82 (DEZOITO MIL DUZENTOS E QUATORZE REAIS E OITENTA E DOIS CENTAVOS).<\/p>\n<\/div><div class=\"sdm_download_link\"><span class=\"sdm_download_button\"><a href=\"http:\/\/www.arroiodotigre.rs.gov.br\/site\/?sdm_process_download=1&download_id=17401\" class=\"sdm_download green\" title=\"DECRETO N.\u00ba 3.804\/2026\" target=\"_blank\">Baixar agora!<\/a><\/span><span class=\"sdm_download_item_count\"><span class=\"sdm_item_count_number\">11<\/span><span class=\"sdm_item_count_string\"> Downloads<\/span><\/span><\/div><\/div><div class=\"sdm_download_item \"><div class=\"sdm_download_item_top\"><div class=\"sdm_download_thumbnail\"><\/div><div class=\"sdm_download_title\">DECRETO N.\u00ba 3.803\/2026<\/div><\/div><div style=\"clear:both;\"><\/div><div class=\"sdm_download_description\"><p>DECRETA A INCLUS\u00c3O NO PLANO PLURIANUAL, NA LEI DE DIRETRIZES OR\u00c7AMENTARIAS E ABRIR CR\u00c9DITO ESPECIAL NO MONTANTE DE R$355.011,88(TREZENTOS E CINQUENTA E CINCO MIL E ONZE REAIS E OITENTA E OITO CENTAVOS).<\/p>\n<\/div><div class=\"sdm_download_link\"><span class=\"sdm_download_button\"><a href=\"http:\/\/www.arroiodotigre.rs.gov.br\/site\/?sdm_process_download=1&download_id=17399\" class=\"sdm_download green\" title=\"DECRETO N.\u00ba 3.803\/2026\" target=\"_blank\">Baixar agora!<\/a><\/span><span class=\"sdm_download_item_count\"><span class=\"sdm_item_count_number\">13<\/span><span class=\"sdm_item_count_string\"> Downloads<\/span><\/span><\/div><\/div><div class=\"sdm_download_item \"><div class=\"sdm_download_item_top\"><div class=\"sdm_download_thumbnail\"><\/div><div class=\"sdm_download_title\">DECRETO N.\u00ba 3.802\/2026<\/div><\/div><div style=\"clear:both;\"><\/div><div class=\"sdm_download_description\"><p>DECLARA DE UTILIDADE P\u00daBLICA \u00c1REA DETERMINADA DE IM\u00d3VEL PARTICULAR, PARA FINS DE IMPLANTA\u00c7\u00c3O DE ESTRUTURA P\u00daBLICA E D\u00c1 OUTRAS PROVID\u00caNCIAS.<\/p>\n<\/div><div class=\"sdm_download_link\"><span class=\"sdm_download_button\"><a href=\"http:\/\/www.arroiodotigre.rs.gov.br\/site\/?sdm_process_download=1&download_id=17397\" class=\"sdm_download green\" title=\"DECRETO N.\u00ba 3.802\/2026\" target=\"_blank\">Baixar agora!<\/a><\/span><span class=\"sdm_download_item_count\"><span class=\"sdm_item_count_number\">17<\/span><span class=\"sdm_item_count_string\"> Downloads<\/span><\/span><\/div><\/div><div class=\"sdm_clear_float\"><\/div><div class=\"sdm_pagination\"><span aria-current=\"page\" class=\"page-numbers current\">1<\/span>\n<a class=\"page-numbers\" href=\"http:\/\/www.arroiodotigre.rs.gov.br\/site\/wp-json\/wp\/v2\/pages\/16034\/page\/2\/\">2<\/a>\n<a class=\"page-numbers\" href=\"http:\/\/www.arroiodotigre.rs.gov.br\/site\/wp-json\/wp\/v2\/pages\/16034\/page\/3\/\">3<\/a>\n<a class=\"page-numbers\" href=\"http:\/\/www.arroiodotigre.rs.gov.br\/site\/wp-json\/wp\/v2\/pages\/16034\/page\/4\/\">4<\/a>\n<a class=\"next page-numbers\" href=\"http:\/\/www.arroiodotigre.rs.gov.br\/site\/wp-json\/wp\/v2\/pages\/16034\/page\/2\/\">&raquo;<\/a><\/div><\/div>\n\t\t\t\t<\/div>\n\t\t\t\t<\/div>\n\t\t\t\t\t\t<\/div>\n\t\t\t\t\t<\/div>\n\t\t<\/div>\n\t\t\t\t\t\t\t\t<\/div>\n\t\t\t\t\t<\/div>\n\t\t<\/section>\n\t\t\t\t\t\t\t\t\t<\/div>\n\t\t\t<\/div>\n\t\t\t\t\t<\/div>\n\t\t","protected":false},"excerpt":{"rendered":"","protected":false},"author":2,"featured_media":0,"parent":0,"menu_order":0,"comment_status":"closed","ping_status":"closed","template":"","meta":{"footnotes":""},"class_list":["post-16034","page","type-page","status-publish","hentry","entry"],"_links":{"self":[{"href":"http:\/\/www.arroiodotigre.rs.gov.br\/site\/wp-json\/wp\/v2\/pages\/16034","targetHints":{"allow":["GET"]}}],"collection":[{"href":"http:\/\/www.arroiodotigre.rs.gov.br\/site\/wp-json\/wp\/v2\/pages"}],"about":[{"href":"http:\/\/www.arroiodotigre.rs.gov.br\/site\/wp-json\/wp\/v2\/types\/page"}],"author":[{"embeddable":true,"href":"http:\/\/www.arroiodotigre.rs.gov.br\/site\/wp-json\/wp\/v2\/users\/2"}],"replies":[{"embeddable":true,"href":"http:\/\/www.arroiodotigre.rs.gov.br\/site\/wp-json\/wp\/v2\/comments?post=16034"}],"version-history":[{"count":4,"href":"http:\/\/www.arroiodotigre.rs.gov.br\/site\/wp-json\/wp\/v2\/pages\/16034\/revisions"}],"predecessor-version":[{"id":16038,"href":"http:\/\/www.arroiodotigre.rs.gov.br\/site\/wp-json\/wp\/v2\/pages\/16034\/revisions\/16038"}],"wp:attachment":[{"href":"http:\/\/www.arroiodotigre.rs.gov.br\/site\/wp-json\/wp\/v2\/media?parent=16034"}],"curies":[{"name":"wp","href":"https:\/\/api.w.org\/{rel}","templated":true}]}}