{"id":11475,"date":"2024-01-04T08:43:51","date_gmt":"2024-01-04T11:43:51","guid":{"rendered":"https:\/\/www.arroiodotigre.rs.gov.br\/site\/?page_id=11475"},"modified":"2024-01-04T08:43:56","modified_gmt":"2024-01-04T11:43:56","slug":"decretos-2024","status":"publish","type":"page","link":"http:\/\/www.arroiodotigre.rs.gov.br\/site\/decretos-2024\/","title":{"rendered":"Decretos 2024"},"content":{"rendered":"<div class=\"sdm_download_item \"><div class=\"sdm_download_item_top\"><div class=\"sdm_download_thumbnail\"><\/div><div class=\"sdm_download_title\">Decreto n\u00ba 3.650\/2024<\/div><\/div><div style=\"clear:both;\"><\/div><div class=\"sdm_download_description\"><p>AUTORIZA O PODER EXECUTIVO A CONCEDER SUBVEN\u00c7\u00c3O SOCIAL A ASSOCIA\u00c7\u00c3O BENEFICIENTE SANTA ROSA DE LIMA DE ARROIO DO TI-GRE, CONFORME ESPECIFICA<\/p>\n<\/div><div class=\"sdm_download_link\"><span class=\"sdm_download_button\"><a href=\"http:\/\/www.arroiodotigre.rs.gov.br\/site\/?sdm_process_download=1&download_id=13235\" class=\"sdm_download green\" title=\"Decreto n\u00ba 3.650\/2024\" target=\"_blank\">Baixar agora!<\/a><\/span><span class=\"sdm_download_item_count\"><span class=\"sdm_item_count_number\">319<\/span><span class=\"sdm_item_count_string\"> Downloads<\/span><\/span><\/div><\/div><div class=\"sdm_download_item \"><div class=\"sdm_download_item_top\"><div class=\"sdm_download_thumbnail\"><\/div><div class=\"sdm_download_title\">Decreto n\u00ba 3.649\/2024<\/div><\/div><div style=\"clear:both;\"><\/div><div class=\"sdm_download_description\"><p>AUTORIZA O PODER EXECUTIVO ABRIR CR\u00c9DITO SUPLEMENTAR NO MONTANTE DE R$ 70.000,00 (SETENTA MIL REAIS).<\/p>\n<\/div><div class=\"sdm_download_link\"><span class=\"sdm_download_button\"><a href=\"http:\/\/www.arroiodotigre.rs.gov.br\/site\/?sdm_process_download=1&download_id=13234\" class=\"sdm_download green\" title=\"Decreto n\u00ba 3.649\/2024\" target=\"_blank\">Baixar agora!<\/a><\/span><span class=\"sdm_download_item_count\"><span class=\"sdm_item_count_number\">321<\/span><span class=\"sdm_item_count_string\"> Downloads<\/span><\/span><\/div><\/div><div class=\"sdm_download_item \"><div class=\"sdm_download_item_top\"><div class=\"sdm_download_thumbnail\"><\/div><div class=\"sdm_download_title\">Decreto n\u00ba 3.648\/2024<\/div><\/div><div style=\"clear:both;\"><\/div><div class=\"sdm_download_description\"><p>DECRETA O PODER EXECUTIVO A INCLUIR CR\u00c9DITO SUPLEMENTAR NO MONTANTE DE R$ 1.660.000,00 (UM MILH\u00c3O E SEISCENTOS E SESSENTA MIL REAIS).<\/p>\n<\/div><div class=\"sdm_download_link\"><span class=\"sdm_download_button\"><a href=\"http:\/\/www.arroiodotigre.rs.gov.br\/site\/?sdm_process_download=1&download_id=13233\" class=\"sdm_download green\" title=\"Decreto n\u00ba 3.648\/2024\" target=\"_blank\">Baixar agora!<\/a><\/span><span class=\"sdm_download_item_count\"><span class=\"sdm_item_count_number\">298<\/span><span class=\"sdm_item_count_string\"> Downloads<\/span><\/span><\/div><\/div><div class=\"sdm_download_item \"><div class=\"sdm_download_item_top\"><div class=\"sdm_download_thumbnail\"><\/div><div class=\"sdm_download_title\">Decreto n\u00ba 3.647\/2024<\/div><\/div><div style=\"clear:both;\"><\/div><div class=\"sdm_download_description\"><p>DECRETA PONTO FACULTATIVO NAS REPARTI\u00c7\u00d5ES P\u00daBLICAS DO MUNIC\u00cdPIO NAS DATAS QUE MENCIONA E D\u00c1 OUTRAS PROVID\u00caNCIAS.<\/p>\n<\/div><div class=\"sdm_download_link\"><span class=\"sdm_download_button\"><a href=\"http:\/\/www.arroiodotigre.rs.gov.br\/site\/?sdm_process_download=1&download_id=13101\" class=\"sdm_download green\" title=\"Decreto n\u00ba 3.647\/2024\" target=\"_blank\">Baixar agora!<\/a><\/span><span class=\"sdm_download_item_count\"><span class=\"sdm_item_count_number\">309<\/span><span class=\"sdm_item_count_string\"> Downloads<\/span><\/span><\/div><\/div><div class=\"sdm_download_item \"><div class=\"sdm_download_item_top\"><div class=\"sdm_download_thumbnail\"><\/div><div class=\"sdm_download_title\">Decreto n\u00ba 3.645\/2024<\/div><\/div><div style=\"clear:both;\"><\/div><div class=\"sdm_download_description\"><p>DECRETA A ABERTURA DE CR\u00c9DITO SUPLEMENTAR NO MONTANTE DE R$ 1.246.867,09 (UM MILH\u00c3O, DUZENTOS E QUARENTA E SEIS MIL, OITOCENTOS E SESSENTA E SETE REAIS E NOVE CENTAVOS).<\/p>\n<\/div><div class=\"sdm_download_link\"><span class=\"sdm_download_button\"><a href=\"http:\/\/www.arroiodotigre.rs.gov.br\/site\/?sdm_process_download=1&download_id=13099\" class=\"sdm_download green\" title=\"Decreto n\u00ba 3.645\/2024\" target=\"_blank\">Baixar agora!<\/a><\/span><span class=\"sdm_download_item_count\"><span class=\"sdm_item_count_number\">307<\/span><span class=\"sdm_item_count_string\"> Downloads<\/span><\/span><\/div><\/div><div class=\"sdm_download_item \"><div class=\"sdm_download_item_top\"><div class=\"sdm_download_thumbnail\"><\/div><div class=\"sdm_download_title\">Decreto n\u00ba 3.644\/2024<\/div><\/div><div style=\"clear:both;\"><\/div><div class=\"sdm_download_description\"><p>AUTORIZA O PODER EXECUTIVO A INCLUIR NO LEI OR\u00c7AMENTARIA ANUAL E ABRIR CR\u00c9DITO ESPECIAL NO MONTANTE DE R$ 1.921,29 (UM MIL E NOVECENTOS E VINTE E UM REAIS E VINTE E NOVE CENTAVOS).<\/p>\n<\/div><div class=\"sdm_download_link\"><span class=\"sdm_download_button\"><a href=\"http:\/\/www.arroiodotigre.rs.gov.br\/site\/?sdm_process_download=1&download_id=13098\" class=\"sdm_download green\" title=\"Decreto n\u00ba 3.644\/2024\" target=\"_blank\">Baixar agora!<\/a><\/span><span class=\"sdm_download_item_count\"><span class=\"sdm_item_count_number\">322<\/span><span class=\"sdm_item_count_string\"> Downloads<\/span><\/span><\/div><\/div><div class=\"sdm_download_item \"><div class=\"sdm_download_item_top\"><div class=\"sdm_download_thumbnail\"><\/div><div class=\"sdm_download_title\">Decreto n\u00ba 3.642\/2024<\/div><\/div><div style=\"clear:both;\"><\/div><div class=\"sdm_download_description\"><p>DECRETA O PODER EXECUTIVO A INCLUIR NA LEI OR\u00c7AMENT\u00c1RIA ANUAL E ABRIR CR\u00c9DITO SUPLEMENTAR NO MONTANTE DE R$ 269.413,30 (DUZENTOS E SESSENTA E NOVE MIL E QUATROCENTOS E TREZE REAIS E TRINTA CENTAVOS.<\/p>\n<\/div><div class=\"sdm_download_link\"><span class=\"sdm_download_button\"><a href=\"http:\/\/www.arroiodotigre.rs.gov.br\/site\/?sdm_process_download=1&download_id=13097\" class=\"sdm_download green\" title=\"Decreto n\u00ba 3.642\/2024\" target=\"_blank\">Baixar agora!<\/a><\/span><span class=\"sdm_download_item_count\"><span class=\"sdm_item_count_number\">317<\/span><span class=\"sdm_item_count_string\"> Downloads<\/span><\/span><\/div><\/div><div class=\"sdm_download_item \"><div class=\"sdm_download_item_top\"><div class=\"sdm_download_thumbnail\"><\/div><div class=\"sdm_download_title\">Decreto n\u00ba 3.641\/2024<\/div><\/div><div style=\"clear:both;\"><\/div><div class=\"sdm_download_description\"><p>DECRETA O PODER EXECUTIVO A INCLUIR NA LEI OR\u00c7AMENT\u00c1RIA ANUAL E ABRIR CR\u00c9DITO SUPLEMENTAR NO MONTANTE DE R$ 1.605.540,12 (UM MILH\u00c3O E SEISCENTOS E CINCO MIL E QUINHENTOS E QUARENTA REAIS E DOZE CENTAVOS).<\/p>\n<\/div><div class=\"sdm_download_link\"><span class=\"sdm_download_button\"><a href=\"http:\/\/www.arroiodotigre.rs.gov.br\/site\/?sdm_process_download=1&download_id=13096\" class=\"sdm_download green\" title=\"Decreto n\u00ba 3.641\/2024\" target=\"_blank\">Baixar agora!<\/a><\/span><span class=\"sdm_download_item_count\"><span class=\"sdm_item_count_number\">317<\/span><span class=\"sdm_item_count_string\"> Downloads<\/span><\/span><\/div><\/div><div class=\"sdm_download_item \"><div class=\"sdm_download_item_top\"><div class=\"sdm_download_thumbnail\"><\/div><div class=\"sdm_download_title\">Decreto n\u00ba 3.640\/2024<\/div><\/div><div style=\"clear:both;\"><\/div><div class=\"sdm_download_description\"><p>DECRETA O PODER EXECUTIVO A INCLUIR NO PLANO PLURIANUAL, NA LEI DE DIRETRIZES OR\u00c7AMENTARIAS E ABRIR CR\u00c9DITO ESPECIAL NO MONTANTE DE R$ 469.499,00 (QUATROCENTOS E SESSENTA E NOVE MIL E QUATROCENTOS E NOVENTA E NOVE REAIS).<\/p>\n<\/div><div class=\"sdm_download_link\"><span class=\"sdm_download_button\"><a href=\"http:\/\/www.arroiodotigre.rs.gov.br\/site\/?sdm_process_download=1&download_id=12994\" class=\"sdm_download green\" title=\"Decreto n\u00ba 3.640\/2024\" target=\"_blank\">Baixar agora!<\/a><\/span><span class=\"sdm_download_item_count\"><span class=\"sdm_item_count_number\">350<\/span><span class=\"sdm_item_count_string\"> Downloads<\/span><\/span><\/div><\/div><div class=\"sdm_download_item \"><div class=\"sdm_download_item_top\"><div class=\"sdm_download_thumbnail\"><\/div><div class=\"sdm_download_title\">Decreto n\u00ba 3.639\/2024<\/div><\/div><div style=\"clear:both;\"><\/div><div class=\"sdm_download_description\"><p>PRORROGA DECRETO N\u00ba 3.604, QUE DECRETOU ESTADO DE CALAMIDADE P\u00daBLICA (ECP), DECORRENTE DOS EVENTOS<br \/>\nCLIM\u00c1TICOS J\u00c1 RELATADOS NO MENCIONADO DECRETO, CUJOS EFEITOS AINDA PERDURAM.<\/p>\n<\/div><div class=\"sdm_download_link\"><span class=\"sdm_download_button\"><a href=\"http:\/\/www.arroiodotigre.rs.gov.br\/site\/?sdm_process_download=1&download_id=12993\" class=\"sdm_download green\" title=\"Decreto n\u00ba 3.639\/2024\" target=\"_blank\">Baixar agora!<\/a><\/span><span class=\"sdm_download_item_count\"><span class=\"sdm_item_count_number\">351<\/span><span class=\"sdm_item_count_string\"> Downloads<\/span><\/span><\/div><\/div><div class=\"sdm_clear_float\"><\/div><div class=\"sdm_pagination\"><span aria-current=\"page\" class=\"page-numbers current\">1<\/span>\n<a class=\"page-numbers\" href=\"http:\/\/www.arroiodotigre.rs.gov.br\/site\/wp-json\/wp\/v2\/pages\/11475\/page\/2\/\">2<\/a>\n<a class=\"page-numbers\" href=\"http:\/\/www.arroiodotigre.rs.gov.br\/site\/wp-json\/wp\/v2\/pages\/11475\/page\/3\/\">3<\/a>\n<span class=\"page-numbers dots\">&hellip;<\/span>\n<a class=\"page-numbers\" href=\"http:\/\/www.arroiodotigre.rs.gov.br\/site\/wp-json\/wp\/v2\/pages\/11475\/page\/9\/\">9<\/a>\n<a class=\"next page-numbers\" href=\"http:\/\/www.arroiodotigre.rs.gov.br\/site\/wp-json\/wp\/v2\/pages\/11475\/page\/2\/\">&raquo;<\/a><\/div>\n","protected":false},"excerpt":{"rendered":"","protected":false},"author":3,"featured_media":0,"parent":0,"menu_order":0,"comment_status":"closed","ping_status":"closed","template":"","meta":{"footnotes":""},"class_list":["post-11475","page","type-page","status-publish","hentry","entry"],"_links":{"self":[{"href":"http:\/\/www.arroiodotigre.rs.gov.br\/site\/wp-json\/wp\/v2\/pages\/11475","targetHints":{"allow":["GET"]}}],"collection":[{"href":"http:\/\/www.arroiodotigre.rs.gov.br\/site\/wp-json\/wp\/v2\/pages"}],"about":[{"href":"http:\/\/www.arroiodotigre.rs.gov.br\/site\/wp-json\/wp\/v2\/types\/page"}],"author":[{"embeddable":true,"href":"http:\/\/www.arroiodotigre.rs.gov.br\/site\/wp-json\/wp\/v2\/users\/3"}],"replies":[{"embeddable":true,"href":"http:\/\/www.arroiodotigre.rs.gov.br\/site\/wp-json\/wp\/v2\/comments?post=11475"}],"version-history":[{"count":2,"href":"http:\/\/www.arroiodotigre.rs.gov.br\/site\/wp-json\/wp\/v2\/pages\/11475\/revisions"}],"predecessor-version":[{"id":11477,"href":"http:\/\/www.arroiodotigre.rs.gov.br\/site\/wp-json\/wp\/v2\/pages\/11475\/revisions\/11477"}],"wp:attachment":[{"href":"http:\/\/www.arroiodotigre.rs.gov.br\/site\/wp-json\/wp\/v2\/media?parent=11475"}],"curies":[{"name":"wp","href":"https:\/\/api.w.org\/{rel}","templated":true}]}}